{"id":22013,"date":"2020-11-04T09:28:43","date_gmt":"2020-11-04T08:28:43","guid":{"rendered":"https:\/\/itemm.fr\/itemm\/?page_id=22013"},"modified":"2023-01-26T15:09:10","modified_gmt":"2023-01-26T14:09:10","slug":"restauration","status":"publish","type":"page","link":"https:\/\/itemm.fr\/itemm\/campus-itemm\/restauration\/","title":{"rendered":"Restauration"},"content":{"rendered":"\t\t<div data-elementor-type=\"wp-page\" data-elementor-id=\"22013\" class=\"elementor elementor-22013\" data-elementor-post-type=\"page\">\n\t\t\t\t\t\t<section class=\"elementor-section elementor-top-section elementor-element elementor-element-e0f7ffc elementor-section-boxed elementor-section-height-default elementor-section-height-default\" data-id=\"e0f7ffc\" data-element_type=\"section\" data-e-type=\"section\" data-settings=\"{&quot;ekit_has_onepagescroll_dot&quot;:&quot;yes&quot;}\">\n\t\t\t\t\t\t<div class=\"elementor-container elementor-column-gap-default\">\n\t\t\t\t\t<div class=\"elementor-column elementor-col-100 elementor-top-column elementor-element elementor-element-eff2e39\" data-id=\"eff2e39\" data-element_type=\"column\" data-e-type=\"column\">\n\t\t\t<div class=\"elementor-widget-wrap elementor-element-populated\">\n\t\t\t\t\t\t<div class=\"elementor-element elementor-element-2d9f3d3 elementor-widget elementor-widget-heading\" data-id=\"2d9f3d3\" data-element_type=\"widget\" data-e-type=\"widget\" data-settings=\"{&quot;ekit_we_effect_on&quot;:&quot;none&quot;}\" data-widget_type=\"heading.default\">\n\t\t\t\t\t<h5 class=\"elementor-heading-title elementor-size-default\">Pour vous restaurer, de nombreuses possibilit\u00e9s se trouvent \u00e0 proximit\u00e9 de l\u2019ITEMM  :<\/h5>\t\t\t\t<\/div>\n\t\t\t\t<div class=\"elementor-element elementor-element-34c510a elementor-position-left elementor-vertical-align-top elementor-widget elementor-widget-image-box\" data-id=\"34c510a\" data-element_type=\"widget\" data-e-type=\"widget\" data-settings=\"{&quot;ekit_we_effect_on&quot;:&quot;none&quot;}\" data-widget_type=\"image-box.default\">\n\t\t\t\t\t<div class=\"elementor-image-box-wrapper\"><figure class=\"elementor-image-box-img\"><a href=\"https:\/\/www.crous-nantes.fr\/restaurant\/resto-u-vaurouze\/\" tabindex=\"-1\"><img fetchpriority=\"high\" decoding=\"async\" width=\"1000\" height=\"669\" src=\"https:\/\/itemm.fr\/itemm\/wp-content\/uploads\/2020\/11\/Resto-U-Vaurouze.jpg\" class=\"attachment-full size-full wp-image-22019\" alt=\"Resto U\u2019 Vaurouz\u00e9\" srcset=\"https:\/\/itemm.fr\/itemm\/wp-content\/uploads\/2020\/11\/Resto-U-Vaurouze.jpg 1000w, https:\/\/itemm.fr\/itemm\/wp-content\/uploads\/2020\/11\/Resto-U-Vaurouze-600x401.jpg 600w, https:\/\/itemm.fr\/itemm\/wp-content\/uploads\/2020\/11\/Resto-U-Vaurouze-300x201.jpg 300w, https:\/\/itemm.fr\/itemm\/wp-content\/uploads\/2020\/11\/Resto-U-Vaurouze-768x514.jpg 768w\" sizes=\"(max-width: 1000px) 100vw, 1000px\" \/><\/a><\/figure><div class=\"elementor-image-box-content\"><h3 class=\"elementor-image-box-title\"><a href=\"https:\/\/www.crous-nantes.fr\/restaurant\/resto-u-vaurouze\/\"> Resto U\u2019 Vaurouz\u00e9<\/a><\/h3><p class=\"elementor-image-box-description\">12 boulevard Charles Nicolle<br>\nDu lundi au vendredi <br>\nde 11h00 \u00e0 14h00 et de 18h45 \u00e0 20h00\nSeul Resto U ouvert le soir<br>\n\n<b>Moyen d'acc\u00e8s :<\/b> \nTram Ligne T1 - arr\u00eat : Campus-ribay \/ \nBus Ligne 18 - arr\u00eat : Le Ribay<br>\n\n<b>Pratique : <\/b> \nAccessible aux personnes \u00e0 mobilit\u00e9 r\u00e9duite, Cuisine traditionnelle, Cuisine du Monde, Plancha, Le P'tit Vaurouz\u00e9, P\u00f4le pizza<\/p><\/div><\/div>\t\t\t\t<\/div>\n\t\t\t\t<div class=\"elementor-element elementor-element-8da29db elementor-position-left elementor-vertical-align-top elementor-widget elementor-widget-image-box\" data-id=\"8da29db\" data-element_type=\"widget\" data-e-type=\"widget\" data-settings=\"{&quot;ekit_we_effect_on&quot;:&quot;none&quot;}\" data-widget_type=\"image-box.default\">\n\t\t\t\t\t<div class=\"elementor-image-box-wrapper\"><figure class=\"elementor-image-box-img\"><a href=\"https:\/\/www.crous-nantes.fr\/restaurant\/resto-u-bartholdi\/\" tabindex=\"-1\"><img decoding=\"async\" width=\"1000\" height=\"750\" src=\"https:\/\/itemm.fr\/itemm\/wp-content\/uploads\/2020\/11\/Resto-U-Bartholdi.jpg\" class=\"attachment-full size-full wp-image-22020\" alt=\"\" srcset=\"https:\/\/itemm.fr\/itemm\/wp-content\/uploads\/2020\/11\/Resto-U-Bartholdi.jpg 1000w, https:\/\/itemm.fr\/itemm\/wp-content\/uploads\/2020\/11\/Resto-U-Bartholdi-600x450.jpg 600w, https:\/\/itemm.fr\/itemm\/wp-content\/uploads\/2020\/11\/Resto-U-Bartholdi-300x225.jpg 300w, https:\/\/itemm.fr\/itemm\/wp-content\/uploads\/2020\/11\/Resto-U-Bartholdi-768x576.jpg 768w\" sizes=\"(max-width: 1000px) 100vw, 1000px\" \/><\/a><\/figure><div class=\"elementor-image-box-content\"><h3 class=\"elementor-image-box-title\"><a href=\"https:\/\/www.crous-nantes.fr\/restaurant\/resto-u-bartholdi\/\"> Resto U\u2019 Bartholdi<\/a><\/h3><p class=\"elementor-image-box-description\">1 rue D\u00e9mocrite<br>\nDu lundi au vendredi <br>\nde 11h00 \u00e0 14h00 <br>\n\n<b>Moyen d'acc\u00e8s :<\/b> \nTramway Ligne T1 &amp; Bus Ligne 18 - arr\u00eat : Universit\u00e9 <br>\n\n<b>Pratique : <\/b> \nAccessible aux personnes \u00e0 mobilit\u00e9 r\u00e9duite, Restauration traditionnelle, Les bons p'tits plats, P\u00f4le Vente A Emporter (VAE)<\/p><\/div><\/div>\t\t\t\t<\/div>\n\t\t\t\t<div class=\"elementor-element elementor-element-c3486b2 elementor-position-left elementor-vertical-align-top elementor-widget elementor-widget-image-box\" data-id=\"c3486b2\" data-element_type=\"widget\" data-e-type=\"widget\" data-settings=\"{&quot;ekit_we_effect_on&quot;:&quot;none&quot;}\" data-widget_type=\"image-box.default\">\n\t\t\t\t\t<div class=\"elementor-image-box-wrapper\"><figure class=\"elementor-image-box-img\"><a href=\"https:\/\/www.btpcfa72.com\/\" tabindex=\"-1\"><img decoding=\"async\" width=\"2560\" height=\"1283\" src=\"https:\/\/itemm.fr\/itemm\/wp-content\/uploads\/2020\/11\/photo_cfa_site-scaled.jpg\" class=\"attachment-full size-full wp-image-22024\" alt=\"https:\/\/www.btpcfa72.com\/\" srcset=\"https:\/\/itemm.fr\/itemm\/wp-content\/uploads\/2020\/11\/photo_cfa_site-scaled.jpg 2560w, https:\/\/itemm.fr\/itemm\/wp-content\/uploads\/2020\/11\/photo_cfa_site-scaled-600x301.jpg 600w, https:\/\/itemm.fr\/itemm\/wp-content\/uploads\/2020\/11\/photo_cfa_site-300x150.jpg 300w, https:\/\/itemm.fr\/itemm\/wp-content\/uploads\/2020\/11\/photo_cfa_site-1024x513.jpg 1024w, https:\/\/itemm.fr\/itemm\/wp-content\/uploads\/2020\/11\/photo_cfa_site-768x385.jpg 768w, https:\/\/itemm.fr\/itemm\/wp-content\/uploads\/2020\/11\/photo_cfa_site-1536x770.jpg 1536w, https:\/\/itemm.fr\/itemm\/wp-content\/uploads\/2020\/11\/photo_cfa_site-2048x1026.jpg 2048w\" sizes=\"(max-width: 2560px) 100vw, 2560px\" \/><\/a><\/figure><div class=\"elementor-image-box-content\"><h3 class=\"elementor-image-box-title\"><a href=\"https:\/\/www.btpcfa72.com\/\">CFA BTP<\/a><\/h3><p class=\"elementor-image-box-description\">15 rue du Ribay<br>\nDu lundi au vendredi <br>\nde 11h00 \u00e0 14h00 <br>\n\n<b>Moyen d'acc\u00e8s :<\/b> \nTram Ligne T1 - arr\u00eat : Campus-ribay \/ \nBus : Ligne 28 - Direction \"Rouillon\", arr\u00eat \"Puits fendu\"<br>\n\n<b>Pratique : <\/b> \nAccessible aux personnes \u00e0 mobilit\u00e9 r\u00e9duite. \u00ab Restauration durable \u00bb :  \u00e9quilibre alimentaire, fili\u00e8res de production du territoire, produits frais, optimisation des d\u00e9chets\u2026 <\/p><\/div><\/div>\t\t\t\t<\/div>\n\t\t\t\t<div class=\"elementor-element elementor-element-1400d1d elementor-position-left elementor-vertical-align-top elementor-widget elementor-widget-image-box\" data-id=\"1400d1d\" data-element_type=\"widget\" data-e-type=\"widget\" data-settings=\"{&quot;ekit_we_effect_on&quot;:&quot;none&quot;}\" data-widget_type=\"image-box.default\">\n\t\t\t\t\t<div class=\"elementor-image-box-wrapper\"><figure class=\"elementor-image-box-img\"><img loading=\"lazy\" decoding=\"async\" width=\"2560\" height=\"1409\" src=\"https:\/\/itemm.fr\/itemm\/wp-content\/uploads\/2020\/11\/Zone-commerciale-du-Ribay.png\" class=\"attachment-full size-full wp-image-22029\" alt=\"\" srcset=\"https:\/\/itemm.fr\/itemm\/wp-content\/uploads\/2020\/11\/Zone-commerciale-du-Ribay.png 2560w, https:\/\/itemm.fr\/itemm\/wp-content\/uploads\/2020\/11\/Zone-commerciale-du-Ribay-600x330.png 600w, https:\/\/itemm.fr\/itemm\/wp-content\/uploads\/2020\/11\/Zone-commerciale-du-Ribay-300x165.png 300w, https:\/\/itemm.fr\/itemm\/wp-content\/uploads\/2020\/11\/Zone-commerciale-du-Ribay-1024x564.png 1024w, https:\/\/itemm.fr\/itemm\/wp-content\/uploads\/2020\/11\/Zone-commerciale-du-Ribay-768x423.png 768w, https:\/\/itemm.fr\/itemm\/wp-content\/uploads\/2020\/11\/Zone-commerciale-du-Ribay-1536x845.png 1536w, https:\/\/itemm.fr\/itemm\/wp-content\/uploads\/2020\/11\/Zone-commerciale-du-Ribay-2048x1127.png 2048w\" sizes=\"(max-width: 2560px) 100vw, 2560px\" \/><\/figure><div class=\"elementor-image-box-content\"><h3 class=\"elementor-image-box-title\">Zone commerciale du Ribay<\/h3><p class=\"elementor-image-box-description\">Avenue Olivier Messiaen (100 m\u00e8tres de l\u2019ITEMM) <br>\n\n<b>Moyen d'acc\u00e8s :<\/b> \nTram Ligne T1 - arr\u00eat : Campus-ribay \/ \nBus : Ligne 28 - Direction \"Rouillon<br>\n\n<b>Pratique : <\/b> \nMcDonald's, Boulangerie \nLa Huche \u00e0 pain, Restaurant L'HACHEZ-VOUS,  Restaurant Star-food, bar Le Colorado, Restaurant l'Assiette <\/p><\/div><\/div>\t\t\t\t<\/div>\n\t\t\t\t<div class=\"elementor-element elementor-element-6c11f7f elementor-position-left elementor-vertical-align-top elementor-widget elementor-widget-image-box\" data-id=\"6c11f7f\" data-element_type=\"widget\" data-e-type=\"widget\" data-settings=\"{&quot;ekit_we_effect_on&quot;:&quot;none&quot;}\" data-widget_type=\"image-box.default\">\n\t\t\t\t\t<div class=\"elementor-image-box-wrapper\"><figure class=\"elementor-image-box-img\"><img loading=\"lazy\" decoding=\"async\" width=\"2530\" height=\"1564\" src=\"https:\/\/itemm.fr\/itemm\/wp-content\/uploads\/2020\/11\/Zone-commerciale-Bartholdi.png\" class=\"attachment-full size-full wp-image-22026\" alt=\"\" srcset=\"https:\/\/itemm.fr\/itemm\/wp-content\/uploads\/2020\/11\/Zone-commerciale-Bartholdi.png 2530w, https:\/\/itemm.fr\/itemm\/wp-content\/uploads\/2020\/11\/Zone-commerciale-Bartholdi-600x371.png 600w, https:\/\/itemm.fr\/itemm\/wp-content\/uploads\/2020\/11\/Zone-commerciale-Bartholdi-300x185.png 300w, https:\/\/itemm.fr\/itemm\/wp-content\/uploads\/2020\/11\/Zone-commerciale-Bartholdi-1024x633.png 1024w, https:\/\/itemm.fr\/itemm\/wp-content\/uploads\/2020\/11\/Zone-commerciale-Bartholdi-768x475.png 768w, https:\/\/itemm.fr\/itemm\/wp-content\/uploads\/2020\/11\/Zone-commerciale-Bartholdi-1536x950.png 1536w, https:\/\/itemm.fr\/itemm\/wp-content\/uploads\/2020\/11\/Zone-commerciale-Bartholdi-2048x1266.png 2048w\" sizes=\"(max-width: 2530px) 100vw, 2530px\" \/><\/figure><div class=\"elementor-image-box-content\"><h3 class=\"elementor-image-box-title\">Zone commerciale Bartholdi<\/h3><p class=\"elementor-image-box-description\">Place Rapha\u00ebl Eliz\u00e9, Avenue Fr\u00e9d\u00e9ric Auguste Bartholdi<br>\n\n<b>Moyen d'acc\u00e8s :<\/b> \nTramway Ligne T1 &amp; Bus Ligne 18 - arr\u00eat : Universit\u00e9 <br>\n\n<b>Pratique : <\/b> \nCarrefour Market,  Restaurant L'Annexe, Biocoop, Le Rouge Traiteur, \n<\/p><\/div><\/div>\t\t\t\t<\/div>\n\t\t\t\t<div class=\"elementor-element elementor-element-ffa1954 elementor-position-left elementor-vertical-align-top elementor-widget elementor-widget-image-box\" data-id=\"ffa1954\" data-element_type=\"widget\" data-e-type=\"widget\" data-settings=\"{&quot;ekit_we_effect_on&quot;:&quot;none&quot;}\" data-widget_type=\"image-box.default\">\n\t\t\t\t\t<div class=\"elementor-image-box-wrapper\"><figure class=\"elementor-image-box-img\"><a href=\"https:\/\/www.facebook.com\/pages\/category\/Restaurant\/A-Linstinct-107535873930937\/\" tabindex=\"-1\"><img decoding=\"async\" src=\"https:\/\/itemm.fr\/itemm\/wp-content\/uploads\/2020\/11\/73315110_146302060054318_6915301009061314560_o.png\" title=\"\" alt=\"\" loading=\"lazy\" \/><\/a><\/figure><div class=\"elementor-image-box-content\"><h3 class=\"elementor-image-box-title\"><a href=\"https:\/\/www.facebook.com\/pages\/category\/Restaurant\/A-Linstinct-107535873930937\/\">Restaurant A L'instinct<\/a><\/h3><p class=\"elementor-image-box-description\">194 rue de Baug\u00e9<br>\n<b>Moyen d'acc\u00e8s :<\/b> \nBus : Ligne 28 - Direction \"Rouillon<br>\n<b>Pratique : <\/b> \n<a href=\"https:\/\/www.facebook.com\/pages\/category\/Restaurant\/A-Linstinct-107535873930937\/\">Site web<\/a><\/p><\/div><\/div>\t\t\t\t<\/div>\n\t\t\t\t\t<\/div>\n\t\t<\/div>\n\t\t\t\t\t<\/div>\n\t\t<\/section>\n\t\t\t\t<\/div>\n\t\t","protected":false},"excerpt":{"rendered":"<p>Pour vous restaurer, de nombreuses possibilit\u00e9s se trouvent \u00e0 proximit\u00e9 de l\u2019ITEMM : Resto U\u2019 Vaurouz\u00e9 12 boulevard Charles Nicolle Du lundi au vendredi de 11h00 \u00e0 14h00 et de 18h45 \u00e0 20h00 Seul Resto U ouvert le soir Moyen d&#8217;acc\u00e8s : Tram Ligne T1 &#8211; arr\u00eat : Campus-ribay \/ Bus Ligne 18 &#8211; arr\u00eat&hellip;<\/p>\n","protected":false},"author":3004,"featured_media":0,"parent":17130,"menu_order":0,"comment_status":"closed","ping_status":"closed","template":"","meta":{"_acf_changed":false,"footnotes":""},"categories":[],"class_list":["post-22013","page","type-page","status-publish","hentry"],"acf":[],"yoast_head":"<!-- This site is optimized with the Yoast SEO plugin v27.3 - https:\/\/yoast.com\/product\/yoast-seo-wordpress\/ -->\n<title>Restauration | Itemm -<\/title>\n<meta name=\"robots\" content=\"index, follow, max-snippet:-1, max-image-preview:large, max-video-preview:-1\" \/>\n<link rel=\"canonical\" href=\"https:\/\/itemm.fr\/itemm\/campus-itemm\/restauration\/\" \/>\n<meta property=\"og:locale\" content=\"fr_FR\" \/>\n<meta property=\"og:type\" content=\"article\" \/>\n<meta property=\"og:title\" content=\"Restauration | Itemm -\" \/>\n<meta property=\"og:description\" content=\"Pour vous restaurer, de nombreuses possibilit\u00e9s se trouvent \u00e0 proximit\u00e9 de l\u2019ITEMM : Resto U\u2019 Vaurouz\u00e9 12 boulevard Charles Nicolle Du lundi au vendredi de 11h00 \u00e0 14h00 et de 18h45 \u00e0 20h00 Seul Resto U ouvert le soir Moyen d&#8217;acc\u00e8s : Tram Ligne T1 &#8211; arr\u00eat : Campus-ribay \/ Bus Ligne 18 &#8211; arr\u00eat&hellip;\" \/>\n<meta property=\"og:url\" content=\"https:\/\/itemm.fr\/itemm\/campus-itemm\/restauration\/\" \/>\n<meta property=\"og:site_name\" content=\"Itemm -\" \/>\n<meta property=\"article:publisher\" content=\"https:\/\/www.facebook.com\/itemm.lemans\" \/>\n<meta property=\"article:modified_time\" content=\"2023-01-26T14:09:10+00:00\" \/>\n<meta property=\"og:image\" content=\"https:\/\/itemm.fr\/itemm\/wp-content\/uploads\/2020\/11\/Resto-U-Vaurouze.jpg\" \/>\n<script type=\"application\/ld+json\" class=\"yoast-schema-graph\">{\"@context\":\"https:\\\/\\\/schema.org\",\"@graph\":[{\"@type\":\"WebPage\",\"@id\":\"https:\\\/\\\/itemm.fr\\\/itemm\\\/campus-itemm\\\/restauration\\\/\",\"url\":\"https:\\\/\\\/itemm.fr\\\/itemm\\\/campus-itemm\\\/restauration\\\/\",\"name\":\"Restauration | Itemm -\",\"isPartOf\":{\"@id\":\"https:\\\/\\\/itemm.fr\\\/itemm\\\/#website\"},\"primaryImageOfPage\":{\"@id\":\"https:\\\/\\\/itemm.fr\\\/itemm\\\/campus-itemm\\\/restauration\\\/#primaryimage\"},\"image\":{\"@id\":\"https:\\\/\\\/itemm.fr\\\/itemm\\\/campus-itemm\\\/restauration\\\/#primaryimage\"},\"thumbnailUrl\":\"https:\\\/\\\/itemm.fr\\\/itemm\\\/wp-content\\\/uploads\\\/2020\\\/11\\\/Resto-U-Vaurouze.jpg\",\"datePublished\":\"2020-11-04T08:28:43+00:00\",\"dateModified\":\"2023-01-26T14:09:10+00:00\",\"breadcrumb\":{\"@id\":\"https:\\\/\\\/itemm.fr\\\/itemm\\\/campus-itemm\\\/restauration\\\/#breadcrumb\"},\"inLanguage\":\"fr-FR\",\"potentialAction\":[{\"@type\":\"ReadAction\",\"target\":[\"https:\\\/\\\/itemm.fr\\\/itemm\\\/campus-itemm\\\/restauration\\\/\"]}]},{\"@type\":\"ImageObject\",\"inLanguage\":\"fr-FR\",\"@id\":\"https:\\\/\\\/itemm.fr\\\/itemm\\\/campus-itemm\\\/restauration\\\/#primaryimage\",\"url\":\"https:\\\/\\\/itemm.fr\\\/itemm\\\/wp-content\\\/uploads\\\/2020\\\/11\\\/Resto-U-Vaurouze.jpg\",\"contentUrl\":\"https:\\\/\\\/itemm.fr\\\/itemm\\\/wp-content\\\/uploads\\\/2020\\\/11\\\/Resto-U-Vaurouze.jpg\",\"width\":1000,\"height\":669,\"caption\":\"Resto U\u2019 Vaurouz\u00e9\"},{\"@type\":\"BreadcrumbList\",\"@id\":\"https:\\\/\\\/itemm.fr\\\/itemm\\\/campus-itemm\\\/restauration\\\/#breadcrumb\",\"itemListElement\":[{\"@type\":\"ListItem\",\"position\":1,\"name\":\"Accueil\",\"item\":\"https:\\\/\\\/itemm.fr\\\/itemm\\\/\"},{\"@type\":\"ListItem\",\"position\":2,\"name\":\"campus ITEMM\",\"item\":\"https:\\\/\\\/itemm.fr\\\/itemm\\\/campus-itemm\\\/\"},{\"@type\":\"ListItem\",\"position\":3,\"name\":\"Restauration\"}]},{\"@type\":\"WebSite\",\"@id\":\"https:\\\/\\\/itemm.fr\\\/itemm\\\/#website\",\"url\":\"https:\\\/\\\/itemm.fr\\\/itemm\\\/\",\"name\":\"Itemm\",\"description\":\"Institut technologique europ\u00e9en des m\u00e9tiers de la musique au Mans (72)\",\"publisher\":{\"@id\":\"https:\\\/\\\/itemm.fr\\\/itemm\\\/#organization\"},\"potentialAction\":[{\"@type\":\"SearchAction\",\"target\":{\"@type\":\"EntryPoint\",\"urlTemplate\":\"https:\\\/\\\/itemm.fr\\\/itemm\\\/?s={search_term_string}\"},\"query-input\":{\"@type\":\"PropertyValueSpecification\",\"valueRequired\":true,\"valueName\":\"search_term_string\"}}],\"inLanguage\":\"fr-FR\"},{\"@type\":\"Organization\",\"@id\":\"https:\\\/\\\/itemm.fr\\\/itemm\\\/#organization\",\"name\":\"ITEMM\",\"alternateName\":\"ITEMM\",\"url\":\"https:\\\/\\\/itemm.fr\\\/itemm\\\/\",\"logo\":{\"@type\":\"ImageObject\",\"inLanguage\":\"fr-FR\",\"@id\":\"https:\\\/\\\/itemm.fr\\\/itemm\\\/#\\\/schema\\\/logo\\\/image\\\/\",\"url\":\"https:\\\/\\\/itemm.fr\\\/itemm\\\/wp-content\\\/uploads\\\/2021\\\/12\\\/logo-itemm-piano-on.png\",\"contentUrl\":\"https:\\\/\\\/itemm.fr\\\/itemm\\\/wp-content\\\/uploads\\\/2021\\\/12\\\/logo-itemm-piano-on.png\",\"width\":446,\"height\":294,\"caption\":\"ITEMM\"},\"image\":{\"@id\":\"https:\\\/\\\/itemm.fr\\\/itemm\\\/#\\\/schema\\\/logo\\\/image\\\/\"},\"sameAs\":[\"https:\\\/\\\/www.facebook.com\\\/itemm.lemans\",\"https:\\\/\\\/www.instagram.com\\\/itemmlemans\\\/\",\"https:\\\/\\\/www.linkedin.com\\\/in\\\/itemm\\\/\"]}]}<\/script>\n<!-- \/ Yoast SEO plugin. -->","yoast_head_json":{"title":"Restauration | Itemm -","robots":{"index":"index","follow":"follow","max-snippet":"max-snippet:-1","max-image-preview":"max-image-preview:large","max-video-preview":"max-video-preview:-1"},"canonical":"https:\/\/itemm.fr\/itemm\/campus-itemm\/restauration\/","og_locale":"fr_FR","og_type":"article","og_title":"Restauration | Itemm -","og_description":"Pour vous restaurer, de nombreuses possibilit\u00e9s se trouvent \u00e0 proximit\u00e9 de l\u2019ITEMM : Resto U\u2019 Vaurouz\u00e9 12 boulevard Charles Nicolle Du lundi au vendredi de 11h00 \u00e0 14h00 et de 18h45 \u00e0 20h00 Seul Resto U ouvert le soir Moyen d&#8217;acc\u00e8s : Tram Ligne T1 &#8211; arr\u00eat : Campus-ribay \/ Bus Ligne 18 &#8211; arr\u00eat&hellip;","og_url":"https:\/\/itemm.fr\/itemm\/campus-itemm\/restauration\/","og_site_name":"Itemm -","article_publisher":"https:\/\/www.facebook.com\/itemm.lemans","article_modified_time":"2023-01-26T14:09:10+00:00","og_image":[{"url":"https:\/\/itemm.fr\/itemm\/wp-content\/uploads\/2020\/11\/Resto-U-Vaurouze.jpg","type":"","width":"","height":""}],"schema":{"@context":"https:\/\/schema.org","@graph":[{"@type":"WebPage","@id":"https:\/\/itemm.fr\/itemm\/campus-itemm\/restauration\/","url":"https:\/\/itemm.fr\/itemm\/campus-itemm\/restauration\/","name":"Restauration | Itemm -","isPartOf":{"@id":"https:\/\/itemm.fr\/itemm\/#website"},"primaryImageOfPage":{"@id":"https:\/\/itemm.fr\/itemm\/campus-itemm\/restauration\/#primaryimage"},"image":{"@id":"https:\/\/itemm.fr\/itemm\/campus-itemm\/restauration\/#primaryimage"},"thumbnailUrl":"https:\/\/itemm.fr\/itemm\/wp-content\/uploads\/2020\/11\/Resto-U-Vaurouze.jpg","datePublished":"2020-11-04T08:28:43+00:00","dateModified":"2023-01-26T14:09:10+00:00","breadcrumb":{"@id":"https:\/\/itemm.fr\/itemm\/campus-itemm\/restauration\/#breadcrumb"},"inLanguage":"fr-FR","potentialAction":[{"@type":"ReadAction","target":["https:\/\/itemm.fr\/itemm\/campus-itemm\/restauration\/"]}]},{"@type":"ImageObject","inLanguage":"fr-FR","@id":"https:\/\/itemm.fr\/itemm\/campus-itemm\/restauration\/#primaryimage","url":"https:\/\/itemm.fr\/itemm\/wp-content\/uploads\/2020\/11\/Resto-U-Vaurouze.jpg","contentUrl":"https:\/\/itemm.fr\/itemm\/wp-content\/uploads\/2020\/11\/Resto-U-Vaurouze.jpg","width":1000,"height":669,"caption":"Resto U\u2019 Vaurouz\u00e9"},{"@type":"BreadcrumbList","@id":"https:\/\/itemm.fr\/itemm\/campus-itemm\/restauration\/#breadcrumb","itemListElement":[{"@type":"ListItem","position":1,"name":"Accueil","item":"https:\/\/itemm.fr\/itemm\/"},{"@type":"ListItem","position":2,"name":"campus ITEMM","item":"https:\/\/itemm.fr\/itemm\/campus-itemm\/"},{"@type":"ListItem","position":3,"name":"Restauration"}]},{"@type":"WebSite","@id":"https:\/\/itemm.fr\/itemm\/#website","url":"https:\/\/itemm.fr\/itemm\/","name":"Itemm","description":"Institut technologique europ\u00e9en des m\u00e9tiers de la musique au Mans (72)","publisher":{"@id":"https:\/\/itemm.fr\/itemm\/#organization"},"potentialAction":[{"@type":"SearchAction","target":{"@type":"EntryPoint","urlTemplate":"https:\/\/itemm.fr\/itemm\/?s={search_term_string}"},"query-input":{"@type":"PropertyValueSpecification","valueRequired":true,"valueName":"search_term_string"}}],"inLanguage":"fr-FR"},{"@type":"Organization","@id":"https:\/\/itemm.fr\/itemm\/#organization","name":"ITEMM","alternateName":"ITEMM","url":"https:\/\/itemm.fr\/itemm\/","logo":{"@type":"ImageObject","inLanguage":"fr-FR","@id":"https:\/\/itemm.fr\/itemm\/#\/schema\/logo\/image\/","url":"https:\/\/itemm.fr\/itemm\/wp-content\/uploads\/2021\/12\/logo-itemm-piano-on.png","contentUrl":"https:\/\/itemm.fr\/itemm\/wp-content\/uploads\/2021\/12\/logo-itemm-piano-on.png","width":446,"height":294,"caption":"ITEMM"},"image":{"@id":"https:\/\/itemm.fr\/itemm\/#\/schema\/logo\/image\/"},"sameAs":["https:\/\/www.facebook.com\/itemm.lemans","https:\/\/www.instagram.com\/itemmlemans\/","https:\/\/www.linkedin.com\/in\/itemm\/"]}]}},"_links":{"self":[{"href":"https:\/\/itemm.fr\/itemm\/wp-json\/wp\/v2\/pages\/22013","targetHints":{"allow":["GET"]}}],"collection":[{"href":"https:\/\/itemm.fr\/itemm\/wp-json\/wp\/v2\/pages"}],"about":[{"href":"https:\/\/itemm.fr\/itemm\/wp-json\/wp\/v2\/types\/page"}],"author":[{"embeddable":true,"href":"https:\/\/itemm.fr\/itemm\/wp-json\/wp\/v2\/users\/3004"}],"replies":[{"embeddable":true,"href":"https:\/\/itemm.fr\/itemm\/wp-json\/wp\/v2\/comments?post=22013"}],"version-history":[{"count":0,"href":"https:\/\/itemm.fr\/itemm\/wp-json\/wp\/v2\/pages\/22013\/revisions"}],"up":[{"embeddable":true,"href":"https:\/\/itemm.fr\/itemm\/wp-json\/wp\/v2\/pages\/17130"}],"wp:attachment":[{"href":"https:\/\/itemm.fr\/itemm\/wp-json\/wp\/v2\/media?parent=22013"}],"wp:term":[{"taxonomy":"category","embeddable":true,"href":"https:\/\/itemm.fr\/itemm\/wp-json\/wp\/v2\/categories?post=22013"}],"curies":[{"name":"wp","href":"https:\/\/api.w.org\/{rel}","templated":true}]}}