{"id":17139,"date":"2019-01-09T11:48:57","date_gmt":"2019-01-09T10:48:57","guid":{"rendered":"https:\/\/itemm.fr\/itemm\/?page_id=17139"},"modified":"2026-02-09T14:03:44","modified_gmt":"2026-02-09T13:03:44","slug":"calendriers-pedagogiques","status":"publish","type":"page","link":"https:\/\/itemm.fr\/itemm\/campus-itemm\/calendriers-pedagogiques\/","title":{"rendered":"Calendriers p\u00e9dagogiques"},"content":{"rendered":"\t\t<div data-elementor-type=\"wp-post\" data-elementor-id=\"17139\" class=\"elementor elementor-17139\" data-elementor-post-type=\"page\">\n\t\t\t\t\t\t<section class=\"elementor-section elementor-top-section elementor-element elementor-element-dc82aaa elementor-section-boxed elementor-section-height-default elementor-section-height-default\" data-id=\"dc82aaa\" data-element_type=\"section\" data-e-type=\"section\" data-settings=\"{&quot;ekit_has_onepagescroll_dot&quot;:&quot;yes&quot;}\">\n\t\t\t\t\t\t<div class=\"elementor-container elementor-column-gap-default\">\n\t\t\t\t\t<div class=\"elementor-column elementor-col-50 elementor-top-column elementor-element elementor-element-7111ba0\" data-id=\"7111ba0\" data-element_type=\"column\" data-e-type=\"column\">\n\t\t\t<div class=\"elementor-widget-wrap elementor-element-populated\">\n\t\t\t\t\t\t<div class=\"elementor-element elementor-element-7d09953 elementor-widget elementor-widget-heading\" data-id=\"7d09953\" data-element_type=\"widget\" data-e-type=\"widget\" data-settings=\"{&quot;ekit_we_effect_on&quot;:&quot;none&quot;}\" data-widget_type=\"heading.default\">\n\t\t\t\t\t<h3 class=\"elementor-heading-title elementor-size-default\"> Calendrier de regroupements<\/h3>\t\t\t\t<\/div>\n\t\t\t\t<div class=\"elementor-element elementor-element-a33cdfa elementor-widget elementor-widget-text-editor\" data-id=\"a33cdfa\" data-element_type=\"widget\" data-e-type=\"widget\" data-settings=\"{&quot;ekit_we_effect_on&quot;:&quot;none&quot;}\" data-widget_type=\"text-editor.default\">\n\t\t\t\t\t\t\t\t\t<p>Chaque section dispose d\u2019un calendrier et d\u2019un rythme qui lui est propre. Ci-dessous sont pr\u00e9sent\u00e9es les modalit\u00e9s d\u2019alternance et de temps en entreprise principales. Un calendrier pr\u00e9cis comportant les dates de regroupement et de cong\u00e9s est distribu\u00e9 en d\u00e9but de chaque ann\u00e9e et les emplois du temps de chacun sont affich\u00e9s en d\u00e9but de tout regroupement.<\/p>\t\t\t\t\t\t\t\t<\/div>\n\t\t\t\t<div class=\"elementor-element elementor-element-3714749 elementor-button-info elementor-align-center elementor-widget elementor-widget-button\" data-id=\"3714749\" data-element_type=\"widget\" data-e-type=\"widget\" data-settings=\"{&quot;ekit_we_effect_on&quot;:&quot;none&quot;}\" data-widget_type=\"button.default\">\n\t\t\t\t\t\t\t\t\t\t<a class=\"elementor-button elementor-button-link elementor-size-sm\" href=\"https:\/\/itemm.fr\/itemm\/wp-content\/uploads\/2025\/10\/2025.02.07_V6_Calendrier_general_25-26.pdf\">\n\t\t\t\t\t\t<span class=\"elementor-button-content-wrapper\">\n\t\t\t\t\t\t\t\t\t<span class=\"elementor-button-text\">t\u00e9l\u00e9charger le calendrier p\u00e9dagogique <\/span>\n\t\t\t\t\t<\/span>\n\t\t\t\t\t<\/a>\n\t\t\t\t\t\t\t\t<\/div>\n\t\t\t\t\t<\/div>\n\t\t<\/div>\n\t\t\t\t<div class=\"elementor-column elementor-col-50 elementor-top-column elementor-element elementor-element-1733df7\" data-id=\"1733df7\" data-element_type=\"column\" data-e-type=\"column\">\n\t\t\t<div class=\"elementor-widget-wrap elementor-element-populated\">\n\t\t\t\t\t\t<div class=\"elementor-element elementor-element-4dc137a elementor-widget elementor-widget-image\" data-id=\"4dc137a\" data-element_type=\"widget\" data-e-type=\"widget\" data-settings=\"{&quot;ekit_we_effect_on&quot;:&quot;none&quot;}\" data-widget_type=\"image.default\">\n\t\t\t\t\t\t\t\t\t\t\t\t\t\t\t\t<a href=\"https:\/\/itemm.fr\/itemm\/wp-content\/uploads\/2025\/10\/Calendrier_pedagogique_itemm_25_26-1-scaled.jpg\" data-elementor-open-lightbox=\"yes\" data-elementor-lightbox-title=\"Calendrier_pe\u0301dagogique_itemm_25_26 (1)\" data-e-action-hash=\"#elementor-action%3Aaction%3Dlightbox%26settings%3DeyJpZCI6NjAwMDEsInVybCI6Imh0dHBzOlwvXC9pdGVtbS5mclwvaXRlbW1cL3dwLWNvbnRlbnRcL3VwbG9hZHNcLzIwMjVcLzEwXC9DYWxlbmRyaWVyX3BlZGFnb2dpcXVlX2l0ZW1tXzI1XzI2LTEtc2NhbGVkLmpwZyJ9\">\n\t\t\t\t\t\t\t<img fetchpriority=\"high\" decoding=\"async\" width=\"1456\" height=\"2048\" src=\"https:\/\/itemm.fr\/itemm\/wp-content\/uploads\/2025\/10\/Calendrier_pedagogique_itemm_25_26-1-1456x2048.jpg\" class=\"attachment-2048x2048 size-2048x2048 wp-image-60001\" alt=\"\" srcset=\"https:\/\/itemm.fr\/itemm\/wp-content\/uploads\/2025\/10\/Calendrier_pedagogique_itemm_25_26-1-1456x2048.jpg 1456w, https:\/\/itemm.fr\/itemm\/wp-content\/uploads\/2025\/10\/Calendrier_pedagogique_itemm_25_26-1-213x300.jpg 213w, https:\/\/itemm.fr\/itemm\/wp-content\/uploads\/2025\/10\/Calendrier_pedagogique_itemm_25_26-1-728x1024.jpg 728w, https:\/\/itemm.fr\/itemm\/wp-content\/uploads\/2025\/10\/Calendrier_pedagogique_itemm_25_26-1-768x1081.jpg 768w, https:\/\/itemm.fr\/itemm\/wp-content\/uploads\/2025\/10\/Calendrier_pedagogique_itemm_25_26-1-1092x1536.jpg 1092w, https:\/\/itemm.fr\/itemm\/wp-content\/uploads\/2025\/10\/Calendrier_pedagogique_itemm_25_26-1-600x844.jpg 600w, https:\/\/itemm.fr\/itemm\/wp-content\/uploads\/2025\/10\/Calendrier_pedagogique_itemm_25_26-1-scaled.jpg 1422w\" sizes=\"(max-width: 1456px) 100vw, 1456px\" \/>\t\t\t\t\t\t\t\t<\/a>\n\t\t\t\t\t\t\t\t\t\t\t\t\t\t\t<\/div>\n\t\t\t\t\t<\/div>\n\t\t<\/div>\n\t\t\t\t\t<\/div>\n\t\t<\/section>\n\t\t\t\t<\/div>\n\t\t","protected":false},"excerpt":{"rendered":"<p>Calendrier de regroupements Chaque section dispose d\u2019un calendrier et d\u2019un rythme qui lui est propre. Ci-dessous sont pr\u00e9sent\u00e9es les modalit\u00e9s d\u2019alternance et de temps en entreprise principales. Un calendrier pr\u00e9cis comportant les dates de regroupement et de cong\u00e9s est distribu\u00e9 en d\u00e9but de chaque ann\u00e9e et les emplois du temps de chacun sont affich\u00e9s en&hellip;<\/p>\n","protected":false},"author":3004,"featured_media":28185,"parent":17130,"menu_order":0,"comment_status":"closed","ping_status":"closed","template":"","meta":{"_acf_changed":false,"footnotes":""},"categories":[],"class_list":["post-17139","page","type-page","status-publish","has-post-thumbnail","hentry"],"acf":[],"yoast_head":"<!-- This site is optimized with the Yoast SEO plugin v27.3 - https:\/\/yoast.com\/product\/yoast-seo-wordpress\/ -->\n<title>Calendriers p\u00e9dagogiques | Itemm -<\/title>\n<meta name=\"robots\" content=\"index, follow, max-snippet:-1, max-image-preview:large, max-video-preview:-1\" \/>\n<link rel=\"canonical\" href=\"https:\/\/itemm.fr\/itemm\/campus-itemm\/calendriers-pedagogiques\/\" \/>\n<meta property=\"og:locale\" content=\"fr_FR\" \/>\n<meta property=\"og:type\" content=\"article\" \/>\n<meta property=\"og:title\" content=\"Calendriers p\u00e9dagogiques | Itemm -\" \/>\n<meta property=\"og:description\" content=\"Calendrier de regroupements Chaque section dispose d\u2019un calendrier et d\u2019un rythme qui lui est propre. Ci-dessous sont pr\u00e9sent\u00e9es les modalit\u00e9s d\u2019alternance et de temps en entreprise principales. Un calendrier pr\u00e9cis comportant les dates de regroupement et de cong\u00e9s est distribu\u00e9 en d\u00e9but de chaque ann\u00e9e et les emplois du temps de chacun sont affich\u00e9s en&hellip;\" \/>\n<meta property=\"og:url\" content=\"https:\/\/itemm.fr\/itemm\/campus-itemm\/calendriers-pedagogiques\/\" \/>\n<meta property=\"og:site_name\" content=\"Itemm -\" \/>\n<meta property=\"article:publisher\" content=\"https:\/\/www.facebook.com\/itemm.lemans\" \/>\n<meta property=\"article:modified_time\" content=\"2026-02-09T13:03:44+00:00\" \/>\n<meta property=\"og:image\" content=\"https:\/\/itemm.fr\/itemm\/wp-content\/uploads\/2021\/07\/Calendrier_2021_2022_definitif-A-DIFFUSER-scaled.jpg\" \/>\n\t<meta property=\"og:image:width\" content=\"1810\" \/>\n\t<meta property=\"og:image:height\" content=\"2560\" \/>\n\t<meta property=\"og:image:type\" content=\"image\/jpeg\" \/>\n<script type=\"application\/ld+json\" class=\"yoast-schema-graph\">{\"@context\":\"https:\\\/\\\/schema.org\",\"@graph\":[{\"@type\":\"WebPage\",\"@id\":\"https:\\\/\\\/itemm.fr\\\/itemm\\\/campus-itemm\\\/calendriers-pedagogiques\\\/\",\"url\":\"https:\\\/\\\/itemm.fr\\\/itemm\\\/campus-itemm\\\/calendriers-pedagogiques\\\/\",\"name\":\"Calendriers p\u00e9dagogiques | Itemm -\",\"isPartOf\":{\"@id\":\"https:\\\/\\\/itemm.fr\\\/itemm\\\/#website\"},\"primaryImageOfPage\":{\"@id\":\"https:\\\/\\\/itemm.fr\\\/itemm\\\/campus-itemm\\\/calendriers-pedagogiques\\\/#primaryimage\"},\"image\":{\"@id\":\"https:\\\/\\\/itemm.fr\\\/itemm\\\/campus-itemm\\\/calendriers-pedagogiques\\\/#primaryimage\"},\"thumbnailUrl\":\"https:\\\/\\\/itemm.fr\\\/itemm\\\/wp-content\\\/uploads\\\/2021\\\/07\\\/Calendrier_2021_2022_definitif-A-DIFFUSER-scaled.jpg\",\"datePublished\":\"2019-01-09T10:48:57+00:00\",\"dateModified\":\"2026-02-09T13:03:44+00:00\",\"breadcrumb\":{\"@id\":\"https:\\\/\\\/itemm.fr\\\/itemm\\\/campus-itemm\\\/calendriers-pedagogiques\\\/#breadcrumb\"},\"inLanguage\":\"fr-FR\",\"potentialAction\":[{\"@type\":\"ReadAction\",\"target\":[\"https:\\\/\\\/itemm.fr\\\/itemm\\\/campus-itemm\\\/calendriers-pedagogiques\\\/\"]}]},{\"@type\":\"ImageObject\",\"inLanguage\":\"fr-FR\",\"@id\":\"https:\\\/\\\/itemm.fr\\\/itemm\\\/campus-itemm\\\/calendriers-pedagogiques\\\/#primaryimage\",\"url\":\"https:\\\/\\\/itemm.fr\\\/itemm\\\/wp-content\\\/uploads\\\/2021\\\/07\\\/Calendrier_2021_2022_definitif-A-DIFFUSER-scaled.jpg\",\"contentUrl\":\"https:\\\/\\\/itemm.fr\\\/itemm\\\/wp-content\\\/uploads\\\/2021\\\/07\\\/Calendrier_2021_2022_definitif-A-DIFFUSER-scaled.jpg\",\"width\":1810,\"height\":2560,\"caption\":\"Calendrier_2021_2022_definitif-A-DIFFUSER\"},{\"@type\":\"BreadcrumbList\",\"@id\":\"https:\\\/\\\/itemm.fr\\\/itemm\\\/campus-itemm\\\/calendriers-pedagogiques\\\/#breadcrumb\",\"itemListElement\":[{\"@type\":\"ListItem\",\"position\":1,\"name\":\"Accueil\",\"item\":\"https:\\\/\\\/itemm.fr\\\/itemm\\\/\"},{\"@type\":\"ListItem\",\"position\":2,\"name\":\"campus ITEMM\",\"item\":\"https:\\\/\\\/itemm.fr\\\/itemm\\\/campus-itemm\\\/\"},{\"@type\":\"ListItem\",\"position\":3,\"name\":\"Calendriers p\u00e9dagogiques\"}]},{\"@type\":\"WebSite\",\"@id\":\"https:\\\/\\\/itemm.fr\\\/itemm\\\/#website\",\"url\":\"https:\\\/\\\/itemm.fr\\\/itemm\\\/\",\"name\":\"Itemm\",\"description\":\"Institut technologique europ\u00e9en des m\u00e9tiers de la musique au Mans (72)\",\"publisher\":{\"@id\":\"https:\\\/\\\/itemm.fr\\\/itemm\\\/#organization\"},\"potentialAction\":[{\"@type\":\"SearchAction\",\"target\":{\"@type\":\"EntryPoint\",\"urlTemplate\":\"https:\\\/\\\/itemm.fr\\\/itemm\\\/?s={search_term_string}\"},\"query-input\":{\"@type\":\"PropertyValueSpecification\",\"valueRequired\":true,\"valueName\":\"search_term_string\"}}],\"inLanguage\":\"fr-FR\"},{\"@type\":\"Organization\",\"@id\":\"https:\\\/\\\/itemm.fr\\\/itemm\\\/#organization\",\"name\":\"ITEMM\",\"alternateName\":\"ITEMM\",\"url\":\"https:\\\/\\\/itemm.fr\\\/itemm\\\/\",\"logo\":{\"@type\":\"ImageObject\",\"inLanguage\":\"fr-FR\",\"@id\":\"https:\\\/\\\/itemm.fr\\\/itemm\\\/#\\\/schema\\\/logo\\\/image\\\/\",\"url\":\"https:\\\/\\\/itemm.fr\\\/itemm\\\/wp-content\\\/uploads\\\/2021\\\/12\\\/logo-itemm-piano-on.png\",\"contentUrl\":\"https:\\\/\\\/itemm.fr\\\/itemm\\\/wp-content\\\/uploads\\\/2021\\\/12\\\/logo-itemm-piano-on.png\",\"width\":446,\"height\":294,\"caption\":\"ITEMM\"},\"image\":{\"@id\":\"https:\\\/\\\/itemm.fr\\\/itemm\\\/#\\\/schema\\\/logo\\\/image\\\/\"},\"sameAs\":[\"https:\\\/\\\/www.facebook.com\\\/itemm.lemans\",\"https:\\\/\\\/www.instagram.com\\\/itemmlemans\\\/\",\"https:\\\/\\\/www.linkedin.com\\\/in\\\/itemm\\\/\"]}]}<\/script>\n<!-- \/ Yoast SEO plugin. -->","yoast_head_json":{"title":"Calendriers p\u00e9dagogiques | Itemm -","robots":{"index":"index","follow":"follow","max-snippet":"max-snippet:-1","max-image-preview":"max-image-preview:large","max-video-preview":"max-video-preview:-1"},"canonical":"https:\/\/itemm.fr\/itemm\/campus-itemm\/calendriers-pedagogiques\/","og_locale":"fr_FR","og_type":"article","og_title":"Calendriers p\u00e9dagogiques | Itemm -","og_description":"Calendrier de regroupements Chaque section dispose d\u2019un calendrier et d\u2019un rythme qui lui est propre. Ci-dessous sont pr\u00e9sent\u00e9es les modalit\u00e9s d\u2019alternance et de temps en entreprise principales. Un calendrier pr\u00e9cis comportant les dates de regroupement et de cong\u00e9s est distribu\u00e9 en d\u00e9but de chaque ann\u00e9e et les emplois du temps de chacun sont affich\u00e9s en&hellip;","og_url":"https:\/\/itemm.fr\/itemm\/campus-itemm\/calendriers-pedagogiques\/","og_site_name":"Itemm -","article_publisher":"https:\/\/www.facebook.com\/itemm.lemans","article_modified_time":"2026-02-09T13:03:44+00:00","og_image":[{"width":1810,"height":2560,"url":"https:\/\/itemm.fr\/itemm\/wp-content\/uploads\/2021\/07\/Calendrier_2021_2022_definitif-A-DIFFUSER-scaled.jpg","type":"image\/jpeg"}],"schema":{"@context":"https:\/\/schema.org","@graph":[{"@type":"WebPage","@id":"https:\/\/itemm.fr\/itemm\/campus-itemm\/calendriers-pedagogiques\/","url":"https:\/\/itemm.fr\/itemm\/campus-itemm\/calendriers-pedagogiques\/","name":"Calendriers p\u00e9dagogiques | Itemm -","isPartOf":{"@id":"https:\/\/itemm.fr\/itemm\/#website"},"primaryImageOfPage":{"@id":"https:\/\/itemm.fr\/itemm\/campus-itemm\/calendriers-pedagogiques\/#primaryimage"},"image":{"@id":"https:\/\/itemm.fr\/itemm\/campus-itemm\/calendriers-pedagogiques\/#primaryimage"},"thumbnailUrl":"https:\/\/itemm.fr\/itemm\/wp-content\/uploads\/2021\/07\/Calendrier_2021_2022_definitif-A-DIFFUSER-scaled.jpg","datePublished":"2019-01-09T10:48:57+00:00","dateModified":"2026-02-09T13:03:44+00:00","breadcrumb":{"@id":"https:\/\/itemm.fr\/itemm\/campus-itemm\/calendriers-pedagogiques\/#breadcrumb"},"inLanguage":"fr-FR","potentialAction":[{"@type":"ReadAction","target":["https:\/\/itemm.fr\/itemm\/campus-itemm\/calendriers-pedagogiques\/"]}]},{"@type":"ImageObject","inLanguage":"fr-FR","@id":"https:\/\/itemm.fr\/itemm\/campus-itemm\/calendriers-pedagogiques\/#primaryimage","url":"https:\/\/itemm.fr\/itemm\/wp-content\/uploads\/2021\/07\/Calendrier_2021_2022_definitif-A-DIFFUSER-scaled.jpg","contentUrl":"https:\/\/itemm.fr\/itemm\/wp-content\/uploads\/2021\/07\/Calendrier_2021_2022_definitif-A-DIFFUSER-scaled.jpg","width":1810,"height":2560,"caption":"Calendrier_2021_2022_definitif-A-DIFFUSER"},{"@type":"BreadcrumbList","@id":"https:\/\/itemm.fr\/itemm\/campus-itemm\/calendriers-pedagogiques\/#breadcrumb","itemListElement":[{"@type":"ListItem","position":1,"name":"Accueil","item":"https:\/\/itemm.fr\/itemm\/"},{"@type":"ListItem","position":2,"name":"campus ITEMM","item":"https:\/\/itemm.fr\/itemm\/campus-itemm\/"},{"@type":"ListItem","position":3,"name":"Calendriers p\u00e9dagogiques"}]},{"@type":"WebSite","@id":"https:\/\/itemm.fr\/itemm\/#website","url":"https:\/\/itemm.fr\/itemm\/","name":"Itemm","description":"Institut technologique europ\u00e9en des m\u00e9tiers de la musique au Mans (72)","publisher":{"@id":"https:\/\/itemm.fr\/itemm\/#organization"},"potentialAction":[{"@type":"SearchAction","target":{"@type":"EntryPoint","urlTemplate":"https:\/\/itemm.fr\/itemm\/?s={search_term_string}"},"query-input":{"@type":"PropertyValueSpecification","valueRequired":true,"valueName":"search_term_string"}}],"inLanguage":"fr-FR"},{"@type":"Organization","@id":"https:\/\/itemm.fr\/itemm\/#organization","name":"ITEMM","alternateName":"ITEMM","url":"https:\/\/itemm.fr\/itemm\/","logo":{"@type":"ImageObject","inLanguage":"fr-FR","@id":"https:\/\/itemm.fr\/itemm\/#\/schema\/logo\/image\/","url":"https:\/\/itemm.fr\/itemm\/wp-content\/uploads\/2021\/12\/logo-itemm-piano-on.png","contentUrl":"https:\/\/itemm.fr\/itemm\/wp-content\/uploads\/2021\/12\/logo-itemm-piano-on.png","width":446,"height":294,"caption":"ITEMM"},"image":{"@id":"https:\/\/itemm.fr\/itemm\/#\/schema\/logo\/image\/"},"sameAs":["https:\/\/www.facebook.com\/itemm.lemans","https:\/\/www.instagram.com\/itemmlemans\/","https:\/\/www.linkedin.com\/in\/itemm\/"]}]}},"_links":{"self":[{"href":"https:\/\/itemm.fr\/itemm\/wp-json\/wp\/v2\/pages\/17139","targetHints":{"allow":["GET"]}}],"collection":[{"href":"https:\/\/itemm.fr\/itemm\/wp-json\/wp\/v2\/pages"}],"about":[{"href":"https:\/\/itemm.fr\/itemm\/wp-json\/wp\/v2\/types\/page"}],"author":[{"embeddable":true,"href":"https:\/\/itemm.fr\/itemm\/wp-json\/wp\/v2\/users\/3004"}],"replies":[{"embeddable":true,"href":"https:\/\/itemm.fr\/itemm\/wp-json\/wp\/v2\/comments?post=17139"}],"version-history":[{"count":0,"href":"https:\/\/itemm.fr\/itemm\/wp-json\/wp\/v2\/pages\/17139\/revisions"}],"up":[{"embeddable":true,"href":"https:\/\/itemm.fr\/itemm\/wp-json\/wp\/v2\/pages\/17130"}],"wp:featuredmedia":[{"embeddable":true,"href":"https:\/\/itemm.fr\/itemm\/wp-json\/wp\/v2\/media\/28185"}],"wp:attachment":[{"href":"https:\/\/itemm.fr\/itemm\/wp-json\/wp\/v2\/media?parent=17139"}],"wp:term":[{"taxonomy":"category","embeddable":true,"href":"https:\/\/itemm.fr\/itemm\/wp-json\/wp\/v2\/categories?post=17139"}],"curies":[{"name":"wp","href":"https:\/\/api.w.org\/{rel}","templated":true}]}}