{"id":17130,"date":"2018-08-21T16:32:09","date_gmt":"2018-08-21T14:32:09","guid":{"rendered":"https:\/\/itemm.fr\/itemm\/?page_id=15943"},"modified":"2026-02-17T16:01:27","modified_gmt":"2026-02-17T15:01:27","slug":"campus-itemm","status":"publish","type":"page","link":"https:\/\/itemm.fr\/itemm\/campus-itemm\/","title":{"rendered":"campus ITEMM"},"content":{"rendered":"\t\t<div data-elementor-type=\"wp-post\" data-elementor-id=\"17130\" class=\"elementor elementor-17130\" data-elementor-post-type=\"page\">\n\t\t\t\t\t\t<section class=\"elementor-section elementor-top-section elementor-element elementor-element-0162ca3 elementor-section-boxed elementor-section-height-default elementor-section-height-default\" data-id=\"0162ca3\" data-element_type=\"section\" data-e-type=\"section\" data-settings=\"{&quot;ekit_has_onepagescroll_dot&quot;:&quot;yes&quot;}\">\n\t\t\t\t\t\t<div class=\"elementor-container elementor-column-gap-default\">\n\t\t\t\t\t<div class=\"elementor-column elementor-col-50 elementor-top-column elementor-element elementor-element-5f7fa39\" data-id=\"5f7fa39\" data-element_type=\"column\" data-e-type=\"column\">\n\t\t\t<div class=\"elementor-widget-wrap elementor-element-populated\">\n\t\t\t\t\t\t<div class=\"elementor-element elementor-element-8af3555 elementor-widget elementor-widget-heading\" data-id=\"8af3555\" data-element_type=\"widget\" data-e-type=\"widget\" data-settings=\"{&quot;ekit_we_effect_on&quot;:&quot;none&quot;}\" data-widget_type=\"heading.default\">\n\t\t\t\t\t<h3 class=\"elementor-heading-title elementor-size-default\">Le campus<\/h3>\t\t\t\t<\/div>\n\t\t\t\t<div class=\"elementor-element elementor-element-0b290f1 elementor-widget elementor-widget-text-editor\" data-id=\"0b290f1\" data-element_type=\"widget\" data-e-type=\"widget\" data-settings=\"{&quot;ekit_we_effect_on&quot;:&quot;none&quot;}\" data-widget_type=\"text-editor.default\">\n\t\t\t\t\t\t\t\t\t<p>Situ\u00e9 au Mans, ville reconnue pour son p\u00f4le acoustique, l\u2019ITEMM s\u2019\u00e9rige au c\u0153ur d\u2019un grand parc paysager.<\/p><p>Compos\u00e9 d\u2019un b\u00e2timent central surmont\u00e9 d\u2019une coupole et de 9 satellites, l\u2019ITEMM offre une architecture singuli\u00e8re et un cadre d\u2019apprentissage agr\u00e9able.\u00a0<\/p><p>Chaque ann\u00e9e l\u2019ITEMM accueille environ 200 \u00e9l\u00e8ves qui se r\u00e9partissent en 6 sections : piano, guitare, instruments \u00e0 vent, accord\u00e9on, commercialisation de produits musicaux, r\u00e9gisseur<span style=\"color: var(--the7-base-color); letter-spacing: var(--the7-base-letter-spacing); text-transform: var(--the7-base-text-transform); word-spacing: normal;\">\u00a0du son.\u00a0<\/span><\/p><p>Chaque section, h\u00e9berg\u00e9e dans un &#8220;satellite&#8221;, dispose de salles de cours, de salles de travail individuel et d\u2019ateliers r\u00e9pondant aux besoins des enseignements dispens\u00e9s.<\/p>\t\t\t\t\t\t\t\t<\/div>\n\t\t\t\t\t<\/div>\n\t\t<\/div>\n\t\t\t\t<div class=\"elementor-column elementor-col-50 elementor-top-column elementor-element elementor-element-88fbe7c\" data-id=\"88fbe7c\" data-element_type=\"column\" data-e-type=\"column\">\n\t\t\t<div class=\"elementor-widget-wrap elementor-element-populated\">\n\t\t\t\t\t\t<div class=\"elementor-element elementor-element-fd604cc elementor-widget elementor-widget-html\" data-id=\"fd604cc\" data-element_type=\"widget\" data-e-type=\"widget\" data-settings=\"{&quot;ekit_we_effect_on&quot;:&quot;none&quot;}\" data-widget_type=\"html.default\">\n\t\t\t\t\t<iframe width='100%' height='450' allowfullscreen src='https:\/\/my.web-visite.com\/F1WrHH0TFX'><\/iframe>\t\t\t\t<\/div>\n\t\t\t\t\t<\/div>\n\t\t<\/div>\n\t\t\t\t\t<\/div>\n\t\t<\/section>\n\t\t\t\t<section class=\"elementor-section elementor-top-section elementor-element elementor-element-c760f38 elementor-section-boxed elementor-section-height-default elementor-section-height-default\" data-id=\"c760f38\" data-element_type=\"section\" data-e-type=\"section\" data-settings=\"{&quot;ekit_has_onepagescroll_dot&quot;:&quot;yes&quot;}\">\n\t\t\t\t\t\t<div class=\"elementor-container elementor-column-gap-default\">\n\t\t\t\t\t<div class=\"elementor-column elementor-col-50 elementor-top-column elementor-element elementor-element-9f88319\" data-id=\"9f88319\" data-element_type=\"column\" data-e-type=\"column\">\n\t\t\t<div class=\"elementor-widget-wrap elementor-element-populated\">\n\t\t\t\t\t\t<div class=\"elementor-element elementor-element-afb8d1b elementor-widget elementor-widget-image\" data-id=\"afb8d1b\" data-element_type=\"widget\" data-e-type=\"widget\" data-settings=\"{&quot;ekit_we_effect_on&quot;:&quot;none&quot;}\" data-widget_type=\"image.default\">\n\t\t\t\t\t\t\t\t\t\t\t\t\t\t\t<img fetchpriority=\"high\" decoding=\"async\" width=\"1024\" height=\"576\" src=\"https:\/\/itemm.fr\/itemm\/wp-content\/uploads\/2023\/02\/DRONE-ITEMM-\u00a9-BDVA-1-1024x576.webp\" class=\"attachment-large size-large wp-image-47662\" alt=\"\" srcset=\"https:\/\/itemm.fr\/itemm\/wp-content\/uploads\/2023\/02\/DRONE-ITEMM-\u00a9-BDVA-1-1024x576.webp 1024w, https:\/\/itemm.fr\/itemm\/wp-content\/uploads\/2023\/02\/DRONE-ITEMM-\u00a9-BDVA-1-600x338.jpg.webp 600w, https:\/\/itemm.fr\/itemm\/wp-content\/uploads\/2023\/02\/DRONE-ITEMM-\u00a9-BDVA-1-300x169.webp 300w, https:\/\/itemm.fr\/itemm\/wp-content\/uploads\/2023\/02\/DRONE-ITEMM-\u00a9-BDVA-1-768x432.webp 768w, https:\/\/itemm.fr\/itemm\/wp-content\/uploads\/2023\/02\/DRONE-ITEMM-\u00a9-BDVA-1-1536x864.webp 1536w, https:\/\/itemm.fr\/itemm\/wp-content\/uploads\/2023\/02\/DRONE-ITEMM-\u00a9-BDVA-1.jpg.webp 2048w\" sizes=\"(max-width: 1024px) 100vw, 1024px\" \/>\t\t\t\t\t\t\t\t\t\t\t\t\t\t\t<\/div>\n\t\t\t\t\t<\/div>\n\t\t<\/div>\n\t\t\t\t<div class=\"elementor-column elementor-col-50 elementor-top-column elementor-element elementor-element-8a850b0\" data-id=\"8a850b0\" data-element_type=\"column\" data-e-type=\"column\">\n\t\t\t<div class=\"elementor-widget-wrap elementor-element-populated\">\n\t\t\t\t\t\t<div class=\"elementor-element elementor-element-9b3e385 elementor-widget elementor-widget-heading\" data-id=\"9b3e385\" data-element_type=\"widget\" data-e-type=\"widget\" data-settings=\"{&quot;ekit_we_effect_on&quot;:&quot;none&quot;}\" data-widget_type=\"heading.default\">\n\t\t\t\t\t<h3 class=\"elementor-heading-title elementor-size-default\">Les satellites sont r\u00e9partis autour du b\u00e2timent principal o\u00f9 se trouvent :<\/h3>\t\t\t\t<\/div>\n\t\t\t\t<div class=\"elementor-element elementor-element-12db5a2 elementor-widget elementor-widget-text-editor\" data-id=\"12db5a2\" data-element_type=\"widget\" data-e-type=\"widget\" data-settings=\"{&quot;ekit_we_effect_on&quot;:&quot;none&quot;}\" data-widget_type=\"text-editor.default\">\n\t\t\t\t\t\t\t\t\t<ul><li>l\u2019accueil principal<\/li><li>les services administratifs<\/li><li>le centre de ressources p\u00e9dagogiques<\/li><li>la caf\u00e9t\u00e9ria<\/li><li>les studios de pratique instrumentale<\/li><li>les salles de cours<\/li><li>l\u2019espace culturel, salle de concerts \u00e9quip\u00e9e en r\u00e9gie son et vid\u00e9o\u00a0<\/li><li>Les espaces permettent l&#8217;accueil des <a href=\"https:\/\/itemm.fr\/itemm\/campus-itemm\/accueil-des-personnes-en-situation-de-handicap\/\">personnes en situation de handicap<\/a>.<\/li><\/ul>\t\t\t\t\t\t\t\t<\/div>\n\t\t\t\t\t<\/div>\n\t\t<\/div>\n\t\t\t\t\t<\/div>\n\t\t<\/section>\n\t\t\t\t<section class=\"elementor-section elementor-top-section elementor-element elementor-element-66a0ead elementor-section-stretched elementor-section-boxed elementor-section-height-default elementor-section-height-default\" data-id=\"66a0ead\" data-element_type=\"section\" data-e-type=\"section\" data-settings=\"{&quot;stretch_section&quot;:&quot;section-stretched&quot;,&quot;background_background&quot;:&quot;classic&quot;,&quot;ekit_has_onepagescroll_dot&quot;:&quot;yes&quot;}\">\n\t\t\t\t\t\t<div class=\"elementor-container elementor-column-gap-default\">\n\t\t\t\t\t<div class=\"elementor-column elementor-col-100 elementor-top-column elementor-element elementor-element-ba05276\" data-id=\"ba05276\" data-element_type=\"column\" data-e-type=\"column\">\n\t\t\t<div class=\"elementor-widget-wrap elementor-element-populated\">\n\t\t\t\t\t\t<div class=\"elementor-element elementor-element-e76d6a5 elementor-widget elementor-widget-heading\" data-id=\"e76d6a5\" data-element_type=\"widget\" data-e-type=\"widget\" data-settings=\"{&quot;ekit_we_effect_on&quot;:&quot;none&quot;}\" data-widget_type=\"heading.default\">\n\t\t\t\t\t<h3 class=\"elementor-heading-title elementor-size-default\">Le campus en quelques chiffres :<\/h3>\t\t\t\t<\/div>\n\t\t\t\t<div class=\"elementor-element elementor-element-34b0b70 elementor-widget elementor-widget-text-editor\" data-id=\"34b0b70\" data-element_type=\"widget\" data-e-type=\"widget\" data-settings=\"{&quot;ekit_we_effect_on&quot;:&quot;none&quot;}\" data-widget_type=\"text-editor.default\">\n\t\t\t\t\t\t\t\t\t<ul><li class=\"p1\">4 500 m2 de locaux<\/li><li class=\"p1\">10 dipl\u00f4mes et titres propos\u00e9s<\/li><li class=\"p1\">7 b\u00e2timents d\u00e9di\u00e9s \u00e0 la facture instrumentale<\/li><li class=\"p1\">Parc instrumental p\u00e9dagogique : 100 pianos (droits et \u00e0 queue) &#8211; 300 instruments \u00e0 vents &#8211; 1 500 guitares<\/li><li class=\"p1\">50 studios d\u2019accord de pianos<\/li><li class=\"p1\">10 studios de pratique instrumentale individuelle<\/li><li class=\"p1\">5 studios techniques du son &#8211; \u00c9quipements derni\u00e8re g\u00e9n\u00e9ration en sonorisation live<\/li><li class=\"p1\">1 studio de mixage post production<\/li><li class=\"p1\">1 studio post production audiovisuelle<\/li><li class=\"p1\">1 auditorium 130 places<\/li><li class=\"p1\">1 d\u00f4me geod\u00e9sique \u00e9quip\u00e9 en sonorisation immersive<\/li><li class=\"p1\">1 centre de documentation<\/li><li class=\"p1\">4 500 ouvrages techniques sp\u00e9cialis\u00e9s<\/li><li class=\"p1\">1 atelier de recherche appliqu\u00e9e<\/li><li class=\"p1\">2 salles informatiques : MAO (Musique Assist\u00e9e par Ordinateur et DAO\/CAO (Dessin et Conception Assist\u00e9e par ordinateur)<\/li><li class=\"p1\">3 salles de machines (bois, m\u00e9tal et num\u00e9rique)<\/li><li class=\"p1\">200 apprenants<\/li><li class=\"p1\">70 intervenants professionnels<\/li><li class=\"p1\">40 personnes permanentes sur site au service de la formation<\/li><\/ul>\t\t\t\t\t\t\t\t<\/div>\n\t\t\t\t\t<\/div>\n\t\t<\/div>\n\t\t\t\t\t<\/div>\n\t\t<\/section>\n\t\t\t\t<\/div>\n\t\t","protected":false},"excerpt":{"rendered":"<p>Le campus Situ\u00e9 au Mans, ville reconnue pour son p\u00f4le acoustique, l\u2019ITEMM s\u2019\u00e9rige au c\u0153ur d\u2019un grand parc paysager. Compos\u00e9 d\u2019un b\u00e2timent central surmont\u00e9 d\u2019une coupole et de 9 satellites, l\u2019ITEMM offre une architecture singuli\u00e8re et un cadre d\u2019apprentissage agr\u00e9able.\u00a0 Chaque ann\u00e9e l\u2019ITEMM accueille environ 200 \u00e9l\u00e8ves qui se r\u00e9partissent en 6 sections : piano,&hellip;<\/p>\n","protected":false},"author":3004,"featured_media":0,"parent":0,"menu_order":0,"comment_status":"closed","ping_status":"closed","template":"","meta":{"_acf_changed":false,"footnotes":""},"categories":[],"class_list":["post-17130","page","type-page","status-publish","hentry"],"acf":[],"yoast_head":"<!-- This site is optimized with the Yoast SEO plugin v27.5 - https:\/\/yoast.com\/product\/yoast-seo-wordpress\/ -->\n<title>ITEMM | Venez \u00e9tudier \u00e0 l\u2019ITEMM au Mans \u00e0 1H de Paris !<\/title>\n<meta name=\"description\" content=\"Venez \u00e9tudier \u00e0 l\u2019ITEMM ! Situ\u00e9 au Mans, ville disposant d\u2019un p\u00f4le acoustique reconnu mondialement, l\u2019ITEMM offre un cadre propice \u00e0 l\u2019apprentissage\" \/>\n<meta name=\"robots\" content=\"index, follow, max-snippet:-1, max-image-preview:large, max-video-preview:-1\" \/>\n<link rel=\"canonical\" href=\"https:\/\/itemm.fr\/itemm\/campus-itemm\/\" \/>\n<meta property=\"og:locale\" content=\"fr_FR\" \/>\n<meta property=\"og:type\" content=\"article\" \/>\n<meta property=\"og:title\" content=\"ITEMM | Venez \u00e9tudier \u00e0 l\u2019ITEMM au Mans \u00e0 1H de Paris !\" \/>\n<meta property=\"og:description\" content=\"Venez \u00e9tudier \u00e0 l\u2019ITEMM ! Situ\u00e9 au Mans, ville disposant d\u2019un p\u00f4le acoustique reconnu mondialement, l\u2019ITEMM offre un cadre propice \u00e0 l\u2019apprentissage\" \/>\n<meta property=\"og:url\" content=\"https:\/\/itemm.fr\/itemm\/campus-itemm\/\" \/>\n<meta property=\"og:site_name\" content=\"Itemm -\" \/>\n<meta property=\"article:publisher\" content=\"https:\/\/www.facebook.com\/itemm.lemans\" \/>\n<meta property=\"article:modified_time\" content=\"2026-02-17T15:01:27+00:00\" \/>\n<meta property=\"og:image\" content=\"https:\/\/itemm.fr\/itemm\/wp-content\/uploads\/2023\/02\/DRONE-ITEMM-\u00a9-BDVA-9.jpg\" \/>\n\t<meta property=\"og:image:width\" content=\"2048\" \/>\n\t<meta property=\"og:image:height\" content=\"1152\" \/>\n\t<meta property=\"og:image:type\" content=\"image\/jpeg\" \/>\n<script type=\"application\/ld+json\" class=\"yoast-schema-graph\">{\"@context\":\"https:\\\/\\\/schema.org\",\"@graph\":[{\"@type\":\"WebPage\",\"@id\":\"https:\\\/\\\/itemm.fr\\\/itemm\\\/campus-itemm\\\/\",\"url\":\"https:\\\/\\\/itemm.fr\\\/itemm\\\/campus-itemm\\\/\",\"name\":\"ITEMM | Venez \u00e9tudier \u00e0 l\u2019ITEMM au Mans \u00e0 1H de Paris !\",\"isPartOf\":{\"@id\":\"https:\\\/\\\/itemm.fr\\\/itemm\\\/#website\"},\"datePublished\":\"2018-08-21T14:32:09+00:00\",\"dateModified\":\"2026-02-17T15:01:27+00:00\",\"description\":\"Venez \u00e9tudier \u00e0 l\u2019ITEMM ! Situ\u00e9 au Mans, ville disposant d\u2019un p\u00f4le acoustique reconnu mondialement, l\u2019ITEMM offre un cadre propice \u00e0 l\u2019apprentissage\",\"breadcrumb\":{\"@id\":\"https:\\\/\\\/itemm.fr\\\/itemm\\\/campus-itemm\\\/#breadcrumb\"},\"inLanguage\":\"fr-FR\",\"potentialAction\":[{\"@type\":\"ReadAction\",\"target\":[\"https:\\\/\\\/itemm.fr\\\/itemm\\\/campus-itemm\\\/\"]}]},{\"@type\":\"BreadcrumbList\",\"@id\":\"https:\\\/\\\/itemm.fr\\\/itemm\\\/campus-itemm\\\/#breadcrumb\",\"itemListElement\":[{\"@type\":\"ListItem\",\"position\":1,\"name\":\"Accueil\",\"item\":\"https:\\\/\\\/itemm.fr\\\/itemm\\\/\"},{\"@type\":\"ListItem\",\"position\":2,\"name\":\"campus ITEMM\"}]},{\"@type\":\"WebSite\",\"@id\":\"https:\\\/\\\/itemm.fr\\\/itemm\\\/#website\",\"url\":\"https:\\\/\\\/itemm.fr\\\/itemm\\\/\",\"name\":\"Itemm\",\"description\":\"Institut technologique europ\u00e9en des m\u00e9tiers de la musique au Mans (72)\",\"publisher\":{\"@id\":\"https:\\\/\\\/itemm.fr\\\/itemm\\\/#organization\"},\"potentialAction\":[{\"@type\":\"SearchAction\",\"target\":{\"@type\":\"EntryPoint\",\"urlTemplate\":\"https:\\\/\\\/itemm.fr\\\/itemm\\\/?s={search_term_string}\"},\"query-input\":{\"@type\":\"PropertyValueSpecification\",\"valueRequired\":true,\"valueName\":\"search_term_string\"}}],\"inLanguage\":\"fr-FR\"},{\"@type\":\"Organization\",\"@id\":\"https:\\\/\\\/itemm.fr\\\/itemm\\\/#organization\",\"name\":\"ITEMM\",\"alternateName\":\"ITEMM\",\"url\":\"https:\\\/\\\/itemm.fr\\\/itemm\\\/\",\"logo\":{\"@type\":\"ImageObject\",\"inLanguage\":\"fr-FR\",\"@id\":\"https:\\\/\\\/itemm.fr\\\/itemm\\\/#\\\/schema\\\/logo\\\/image\\\/\",\"url\":\"https:\\\/\\\/itemm.fr\\\/itemm\\\/wp-content\\\/uploads\\\/2021\\\/12\\\/logo-itemm-piano-on.png\",\"contentUrl\":\"https:\\\/\\\/itemm.fr\\\/itemm\\\/wp-content\\\/uploads\\\/2021\\\/12\\\/logo-itemm-piano-on.png\",\"width\":446,\"height\":294,\"caption\":\"ITEMM\"},\"image\":{\"@id\":\"https:\\\/\\\/itemm.fr\\\/itemm\\\/#\\\/schema\\\/logo\\\/image\\\/\"},\"sameAs\":[\"https:\\\/\\\/www.facebook.com\\\/itemm.lemans\",\"https:\\\/\\\/www.instagram.com\\\/itemmlemans\\\/\",\"https:\\\/\\\/www.linkedin.com\\\/in\\\/itemm\\\/\"]}]}<\/script>\n<!-- \/ Yoast SEO plugin. -->","yoast_head_json":{"title":"ITEMM | Venez \u00e9tudier \u00e0 l\u2019ITEMM au Mans \u00e0 1H de Paris !","description":"Venez \u00e9tudier \u00e0 l\u2019ITEMM ! Situ\u00e9 au Mans, ville disposant d\u2019un p\u00f4le acoustique reconnu mondialement, l\u2019ITEMM offre un cadre propice \u00e0 l\u2019apprentissage","robots":{"index":"index","follow":"follow","max-snippet":"max-snippet:-1","max-image-preview":"max-image-preview:large","max-video-preview":"max-video-preview:-1"},"canonical":"https:\/\/itemm.fr\/itemm\/campus-itemm\/","og_locale":"fr_FR","og_type":"article","og_title":"ITEMM | Venez \u00e9tudier \u00e0 l\u2019ITEMM au Mans \u00e0 1H de Paris !","og_description":"Venez \u00e9tudier \u00e0 l\u2019ITEMM ! Situ\u00e9 au Mans, ville disposant d\u2019un p\u00f4le acoustique reconnu mondialement, l\u2019ITEMM offre un cadre propice \u00e0 l\u2019apprentissage","og_url":"https:\/\/itemm.fr\/itemm\/campus-itemm\/","og_site_name":"Itemm -","article_publisher":"https:\/\/www.facebook.com\/itemm.lemans","article_modified_time":"2026-02-17T15:01:27+00:00","og_image":[{"width":2048,"height":1152,"url":"https:\/\/itemm.fr\/itemm\/wp-content\/uploads\/2023\/02\/DRONE-ITEMM-\u00a9-BDVA-9.jpg","type":"image\/jpeg"}],"schema":{"@context":"https:\/\/schema.org","@graph":[{"@type":"WebPage","@id":"https:\/\/itemm.fr\/itemm\/campus-itemm\/","url":"https:\/\/itemm.fr\/itemm\/campus-itemm\/","name":"ITEMM | Venez \u00e9tudier \u00e0 l\u2019ITEMM au Mans \u00e0 1H de Paris !","isPartOf":{"@id":"https:\/\/itemm.fr\/itemm\/#website"},"datePublished":"2018-08-21T14:32:09+00:00","dateModified":"2026-02-17T15:01:27+00:00","description":"Venez \u00e9tudier \u00e0 l\u2019ITEMM ! Situ\u00e9 au Mans, ville disposant d\u2019un p\u00f4le acoustique reconnu mondialement, l\u2019ITEMM offre un cadre propice \u00e0 l\u2019apprentissage","breadcrumb":{"@id":"https:\/\/itemm.fr\/itemm\/campus-itemm\/#breadcrumb"},"inLanguage":"fr-FR","potentialAction":[{"@type":"ReadAction","target":["https:\/\/itemm.fr\/itemm\/campus-itemm\/"]}]},{"@type":"BreadcrumbList","@id":"https:\/\/itemm.fr\/itemm\/campus-itemm\/#breadcrumb","itemListElement":[{"@type":"ListItem","position":1,"name":"Accueil","item":"https:\/\/itemm.fr\/itemm\/"},{"@type":"ListItem","position":2,"name":"campus ITEMM"}]},{"@type":"WebSite","@id":"https:\/\/itemm.fr\/itemm\/#website","url":"https:\/\/itemm.fr\/itemm\/","name":"Itemm","description":"Institut technologique europ\u00e9en des m\u00e9tiers de la musique au Mans (72)","publisher":{"@id":"https:\/\/itemm.fr\/itemm\/#organization"},"potentialAction":[{"@type":"SearchAction","target":{"@type":"EntryPoint","urlTemplate":"https:\/\/itemm.fr\/itemm\/?s={search_term_string}"},"query-input":{"@type":"PropertyValueSpecification","valueRequired":true,"valueName":"search_term_string"}}],"inLanguage":"fr-FR"},{"@type":"Organization","@id":"https:\/\/itemm.fr\/itemm\/#organization","name":"ITEMM","alternateName":"ITEMM","url":"https:\/\/itemm.fr\/itemm\/","logo":{"@type":"ImageObject","inLanguage":"fr-FR","@id":"https:\/\/itemm.fr\/itemm\/#\/schema\/logo\/image\/","url":"https:\/\/itemm.fr\/itemm\/wp-content\/uploads\/2021\/12\/logo-itemm-piano-on.png","contentUrl":"https:\/\/itemm.fr\/itemm\/wp-content\/uploads\/2021\/12\/logo-itemm-piano-on.png","width":446,"height":294,"caption":"ITEMM"},"image":{"@id":"https:\/\/itemm.fr\/itemm\/#\/schema\/logo\/image\/"},"sameAs":["https:\/\/www.facebook.com\/itemm.lemans","https:\/\/www.instagram.com\/itemmlemans\/","https:\/\/www.linkedin.com\/in\/itemm\/"]}]}},"_links":{"self":[{"href":"https:\/\/itemm.fr\/itemm\/wp-json\/wp\/v2\/pages\/17130","targetHints":{"allow":["GET"]}}],"collection":[{"href":"https:\/\/itemm.fr\/itemm\/wp-json\/wp\/v2\/pages"}],"about":[{"href":"https:\/\/itemm.fr\/itemm\/wp-json\/wp\/v2\/types\/page"}],"author":[{"embeddable":true,"href":"https:\/\/itemm.fr\/itemm\/wp-json\/wp\/v2\/users\/3004"}],"replies":[{"embeddable":true,"href":"https:\/\/itemm.fr\/itemm\/wp-json\/wp\/v2\/comments?post=17130"}],"version-history":[{"count":0,"href":"https:\/\/itemm.fr\/itemm\/wp-json\/wp\/v2\/pages\/17130\/revisions"}],"wp:attachment":[{"href":"https:\/\/itemm.fr\/itemm\/wp-json\/wp\/v2\/media?parent=17130"}],"wp:term":[{"taxonomy":"category","embeddable":true,"href":"https:\/\/itemm.fr\/itemm\/wp-json\/wp\/v2\/categories?post=17130"}],"curies":[{"name":"wp","href":"https:\/\/api.w.org\/{rel}","templated":true}]}}