{"id":62793,"date":"2026-09-01T10:03:54","date_gmt":"2026-09-01T08:03:54","guid":{"rendered":"https:\/\/itemm.fr\/itemm\/?post_type=ajde_events&#038;p=62793"},"modified":"2026-09-01T10:03:54","modified_gmt":"2026-09-01T08:03:54","slug":"salon-generation-reconversion-nouvelle-vie-pro","status":"publish","type":"ajde_events","link":"https:\/\/itemm.fr\/itemm\/events\/salon-generation-reconversion-nouvelle-vie-pro\/","title":{"rendered":"Salon G\u00e9n\u00e9ration Reconversion Nouvelle Vie Pro"},"content":{"rendered":"<p data-path-to-node=\"0\"><b data-path-to-node=\"0\" data-index-in-node=\"0\">L&rsquo;ITEMM au salon G\u00e9n\u00e9rations Reconversion les 25 et 26 septembre 2026<\/b><\/p>\n<p data-path-to-node=\"1\">Vous envisagez de donner un nouveau souffle \u00e0 votre carri\u00e8re ou d&rsquo;explorer de nouveaux horizons professionnels ? Retrouvez l&rsquo;\u00e9quipe de l&rsquo;Itemm lors de la prochaine \u00e9dition du salon <b data-path-to-node=\"1\" data-index-in-node=\"181\">G\u00e9n\u00e9rations Reconversion<\/b> \u00e0 Paris.<\/p>\n<p data-path-to-node=\"2\">Venez nous rencontrer pour \u00e9changer sur votre projet et d\u00e9couvrir nos parcours de formation continue ou diplomante d\u00e9di\u00e9s aux m\u00e9tiers de la musique et de la facture instrumentale.<\/p>\n<p data-path-to-node=\"3\"><b data-path-to-node=\"3\" data-index-in-node=\"0\">Informations pratiques<\/b><\/p>\n<ul data-path-to-node=\"4\">\n<li>\n<p data-path-to-node=\"4,0,0\"><b data-path-to-node=\"4,0,0\" data-index-in-node=\"0\">Dates :<\/b> Vendredi 25 et samedi 26 septembre 2026<\/p>\n<\/li>\n<li>\n<p data-path-to-node=\"4,1,0\"><b data-path-to-node=\"4,1,0\" data-index-in-node=\"0\">Horaires :<\/b> De 9 h \u00e0 18 h<\/p>\n<\/li>\n<li>\n<p data-path-to-node=\"4,2,0\"><b data-path-to-node=\"4,2,0\" data-index-in-node=\"0\">Lieu :<\/b> Cit\u00e9 Internationale Universitaire de Paris (14e)<\/p>\n<\/li>\n<li>\n<p data-path-to-node=\"4,3,0\"><b data-path-to-node=\"4,3,0\" data-index-in-node=\"0\">Acc\u00e8s :<\/b> Entr\u00e9e gratuite<\/p>\n<\/li>\n<\/ul>\n<p data-path-to-node=\"5\">Prenez rendez-vous d\u00e8s maintenant avec nos conseillers sur le salon ou pr\u00e9parez votre visite en consultant notre catalogue de formations en ligne.<\/p>\n","protected":false},"author":3004,"featured_media":-1,"menu_order":0,"comment_status":"closed","ping_status":"closed","template":"","meta":{"_acf_changed":false},"tags":[],"event_type":[3221],"event_type_2":[],"class_list":["post-62793","ajde_events","type-ajde_events","status-publish","has-post-thumbnail","hentry","event_type-salon","description-off"],"acf":[],"yoast_head":"<!-- This site is optimized with the Yoast SEO plugin v28.3 - https:\/\/yoast.com\/product\/yoast-seo-wordpress\/ -->\n<title>Salon G\u00e9n\u00e9ration Reconversion Nouvelle Vie Pro | Itemm -<\/title>\n<meta name=\"description\" content=\"L&#039;ITEMM sera pr\u00e9sent au salon G\u00e9n\u00e9rations Reconversion 25 et 26 septembre \u00e0 Paris. Formations m\u00e9tiers de la musique, facture instrumentale\" \/>\n<meta name=\"robots\" content=\"index, follow, max-snippet:-1, max-image-preview:large, max-video-preview:-1\" \/>\n<link rel=\"canonical\" href=\"https:\/\/itemm.fr\/itemm\/events\/salon-generation-reconversion-nouvelle-vie-pro\/\" \/>\n<meta property=\"og:locale\" content=\"fr_FR\" \/>\n<meta property=\"og:type\" content=\"article\" \/>\n<meta property=\"og:title\" content=\"Salon G\u00e9n\u00e9ration Reconversion Nouvelle Vie Pro | Itemm -\" \/>\n<meta property=\"og:description\" content=\"L&#039;ITEMM sera pr\u00e9sent au salon G\u00e9n\u00e9rations Reconversion 25 et 26 septembre \u00e0 Paris. Formations m\u00e9tiers de la musique, facture instrumentale\" \/>\n<meta property=\"og:url\" content=\"https:\/\/itemm.fr\/itemm\/events\/salon-generation-reconversion-nouvelle-vie-pro\/\" \/>\n<meta property=\"og:site_name\" content=\"Itemm -\" \/>\n<meta property=\"article:publisher\" content=\"https:\/\/www.facebook.com\/itemm.lemans\" \/>\n<meta property=\"og:image\" content=\"https:\/\/itemm.fr\/itemm\/wp-content\/uploads\/2023\/02\/DRONE-ITEMM-\u00a9-BDVA-9.jpg\" \/>\n\t<meta property=\"og:image:width\" content=\"2048\" \/>\n\t<meta property=\"og:image:height\" content=\"1152\" \/>\n\t<meta property=\"og:image:type\" content=\"image\/jpeg\" \/>\n<script type=\"application\/ld+json\" class=\"yoast-schema-graph\">{\"@context\":\"https:\\\/\\\/schema.org\",\"@graph\":[{\"@type\":\"WebPage\",\"@id\":\"https:\\\/\\\/itemm.fr\\\/itemm\\\/events\\\/salon-generation-reconversion-nouvelle-vie-pro\\\/\",\"url\":\"https:\\\/\\\/itemm.fr\\\/itemm\\\/events\\\/salon-generation-reconversion-nouvelle-vie-pro\\\/\",\"name\":\"Salon G\u00e9n\u00e9ration Reconversion Nouvelle Vie Pro | Itemm -\",\"isPartOf\":{\"@id\":\"https:\\\/\\\/itemm.fr\\\/itemm\\\/#website\"},\"datePublished\":\"2026-09-01T08:03:54+00:00\",\"description\":\"L'ITEMM sera pr\u00e9sent au salon G\u00e9n\u00e9rations Reconversion 25 et 26 septembre \u00e0 Paris. Formations m\u00e9tiers de la musique, facture instrumentale\",\"breadcrumb\":{\"@id\":\"https:\\\/\\\/itemm.fr\\\/itemm\\\/events\\\/salon-generation-reconversion-nouvelle-vie-pro\\\/#breadcrumb\"},\"inLanguage\":\"fr-FR\",\"potentialAction\":[{\"@type\":\"ReadAction\",\"target\":[\"https:\\\/\\\/itemm.fr\\\/itemm\\\/events\\\/salon-generation-reconversion-nouvelle-vie-pro\\\/\"]}]},{\"@type\":\"BreadcrumbList\",\"@id\":\"https:\\\/\\\/itemm.fr\\\/itemm\\\/events\\\/salon-generation-reconversion-nouvelle-vie-pro\\\/#breadcrumb\",\"itemListElement\":[{\"@type\":\"ListItem\",\"position\":1,\"name\":\"Accueil\",\"item\":\"https:\\\/\\\/itemm.fr\\\/itemm\\\/\"},{\"@type\":\"ListItem\",\"position\":2,\"name\":\"Events\",\"item\":\"https:\\\/\\\/itemm.fr\\\/itemm\\\/events\\\/\"},{\"@type\":\"ListItem\",\"position\":3,\"name\":\"Salon G\u00e9n\u00e9ration Reconversion Nouvelle Vie Pro\"}]},{\"@type\":\"WebSite\",\"@id\":\"https:\\\/\\\/itemm.fr\\\/itemm\\\/#website\",\"url\":\"https:\\\/\\\/itemm.fr\\\/itemm\\\/\",\"name\":\"Itemm\",\"description\":\"Institut technologique europ\u00e9en des m\u00e9tiers de la musique au Mans (72)\",\"publisher\":{\"@id\":\"https:\\\/\\\/itemm.fr\\\/itemm\\\/#organization\"},\"potentialAction\":[{\"@type\":\"SearchAction\",\"target\":{\"@type\":\"EntryPoint\",\"urlTemplate\":\"https:\\\/\\\/itemm.fr\\\/itemm\\\/?s={search_term_string}\"},\"query-input\":{\"@type\":\"PropertyValueSpecification\",\"valueRequired\":true,\"valueName\":\"search_term_string\"}}],\"inLanguage\":\"fr-FR\"},{\"@type\":\"Organization\",\"@id\":\"https:\\\/\\\/itemm.fr\\\/itemm\\\/#organization\",\"name\":\"ITEMM\",\"alternateName\":\"ITEMM\",\"url\":\"https:\\\/\\\/itemm.fr\\\/itemm\\\/\",\"logo\":{\"@type\":\"ImageObject\",\"inLanguage\":\"fr-FR\",\"@id\":\"https:\\\/\\\/itemm.fr\\\/itemm\\\/#\\\/schema\\\/logo\\\/image\\\/\",\"url\":\"https:\\\/\\\/itemm.fr\\\/itemm\\\/wp-content\\\/uploads\\\/2021\\\/12\\\/logo-itemm-piano-on.png\",\"contentUrl\":\"https:\\\/\\\/itemm.fr\\\/itemm\\\/wp-content\\\/uploads\\\/2021\\\/12\\\/logo-itemm-piano-on.png\",\"width\":446,\"height\":294,\"caption\":\"ITEMM\"},\"image\":{\"@id\":\"https:\\\/\\\/itemm.fr\\\/itemm\\\/#\\\/schema\\\/logo\\\/image\\\/\"},\"sameAs\":[\"https:\\\/\\\/www.facebook.com\\\/itemm.lemans\",\"https:\\\/\\\/www.instagram.com\\\/itemmlemans\\\/\",\"https:\\\/\\\/www.linkedin.com\\\/in\\\/itemm\\\/\"]}]}<\/script>\n<!-- \/ Yoast SEO plugin. -->","yoast_head_json":{"title":"Salon G\u00e9n\u00e9ration Reconversion Nouvelle Vie Pro | Itemm -","description":"L'ITEMM sera pr\u00e9sent au salon G\u00e9n\u00e9rations Reconversion 25 et 26 septembre \u00e0 Paris. Formations m\u00e9tiers de la musique, facture instrumentale","robots":{"index":"index","follow":"follow","max-snippet":"max-snippet:-1","max-image-preview":"max-image-preview:large","max-video-preview":"max-video-preview:-1"},"canonical":"https:\/\/itemm.fr\/itemm\/events\/salon-generation-reconversion-nouvelle-vie-pro\/","og_locale":"fr_FR","og_type":"article","og_title":"Salon G\u00e9n\u00e9ration Reconversion Nouvelle Vie Pro | Itemm -","og_description":"L'ITEMM sera pr\u00e9sent au salon G\u00e9n\u00e9rations Reconversion 25 et 26 septembre \u00e0 Paris. Formations m\u00e9tiers de la musique, facture instrumentale","og_url":"https:\/\/itemm.fr\/itemm\/events\/salon-generation-reconversion-nouvelle-vie-pro\/","og_site_name":"Itemm -","article_publisher":"https:\/\/www.facebook.com\/itemm.lemans","og_image":[{"width":2048,"height":1152,"url":"https:\/\/itemm.fr\/itemm\/wp-content\/uploads\/2023\/02\/DRONE-ITEMM-\u00a9-BDVA-9.jpg","type":"image\/jpeg"}],"schema":{"@context":"https:\/\/schema.org","@graph":[{"@type":"WebPage","@id":"https:\/\/itemm.fr\/itemm\/events\/salon-generation-reconversion-nouvelle-vie-pro\/","url":"https:\/\/itemm.fr\/itemm\/events\/salon-generation-reconversion-nouvelle-vie-pro\/","name":"Salon G\u00e9n\u00e9ration Reconversion Nouvelle Vie Pro | Itemm -","isPartOf":{"@id":"https:\/\/itemm.fr\/itemm\/#website"},"datePublished":"2026-09-01T08:03:54+00:00","description":"L'ITEMM sera pr\u00e9sent au salon G\u00e9n\u00e9rations Reconversion 25 et 26 septembre \u00e0 Paris. Formations m\u00e9tiers de la musique, facture instrumentale","breadcrumb":{"@id":"https:\/\/itemm.fr\/itemm\/events\/salon-generation-reconversion-nouvelle-vie-pro\/#breadcrumb"},"inLanguage":"fr-FR","potentialAction":[{"@type":"ReadAction","target":["https:\/\/itemm.fr\/itemm\/events\/salon-generation-reconversion-nouvelle-vie-pro\/"]}]},{"@type":"BreadcrumbList","@id":"https:\/\/itemm.fr\/itemm\/events\/salon-generation-reconversion-nouvelle-vie-pro\/#breadcrumb","itemListElement":[{"@type":"ListItem","position":1,"name":"Accueil","item":"https:\/\/itemm.fr\/itemm\/"},{"@type":"ListItem","position":2,"name":"Events","item":"https:\/\/itemm.fr\/itemm\/events\/"},{"@type":"ListItem","position":3,"name":"Salon G\u00e9n\u00e9ration Reconversion Nouvelle Vie Pro"}]},{"@type":"WebSite","@id":"https:\/\/itemm.fr\/itemm\/#website","url":"https:\/\/itemm.fr\/itemm\/","name":"Itemm","description":"Institut technologique europ\u00e9en des m\u00e9tiers de la musique au Mans (72)","publisher":{"@id":"https:\/\/itemm.fr\/itemm\/#organization"},"potentialAction":[{"@type":"SearchAction","target":{"@type":"EntryPoint","urlTemplate":"https:\/\/itemm.fr\/itemm\/?s={search_term_string}"},"query-input":{"@type":"PropertyValueSpecification","valueRequired":true,"valueName":"search_term_string"}}],"inLanguage":"fr-FR"},{"@type":"Organization","@id":"https:\/\/itemm.fr\/itemm\/#organization","name":"ITEMM","alternateName":"ITEMM","url":"https:\/\/itemm.fr\/itemm\/","logo":{"@type":"ImageObject","inLanguage":"fr-FR","@id":"https:\/\/itemm.fr\/itemm\/#\/schema\/logo\/image\/","url":"https:\/\/itemm.fr\/itemm\/wp-content\/uploads\/2021\/12\/logo-itemm-piano-on.png","contentUrl":"https:\/\/itemm.fr\/itemm\/wp-content\/uploads\/2021\/12\/logo-itemm-piano-on.png","width":446,"height":294,"caption":"ITEMM"},"image":{"@id":"https:\/\/itemm.fr\/itemm\/#\/schema\/logo\/image\/"},"sameAs":["https:\/\/www.facebook.com\/itemm.lemans","https:\/\/www.instagram.com\/itemmlemans\/","https:\/\/www.linkedin.com\/in\/itemm\/"]}]}},"_links":{"self":[{"href":"https:\/\/itemm.fr\/itemm\/wp-json\/wp\/v2\/ajde_events\/62793","targetHints":{"allow":["GET"]}}],"collection":[{"href":"https:\/\/itemm.fr\/itemm\/wp-json\/wp\/v2\/ajde_events"}],"about":[{"href":"https:\/\/itemm.fr\/itemm\/wp-json\/wp\/v2\/types\/ajde_events"}],"author":[{"embeddable":true,"href":"https:\/\/itemm.fr\/itemm\/wp-json\/wp\/v2\/users\/3004"}],"replies":[{"embeddable":true,"href":"https:\/\/itemm.fr\/itemm\/wp-json\/wp\/v2\/comments?post=62793"}],"wp:attachment":[{"href":"https:\/\/itemm.fr\/itemm\/wp-json\/wp\/v2\/media?parent=62793"}],"wp:term":[{"taxonomy":"post_tag","embeddable":true,"href":"https:\/\/itemm.fr\/itemm\/wp-json\/wp\/v2\/tags?post=62793"},{"taxonomy":"event_type","embeddable":true,"href":"https:\/\/itemm.fr\/itemm\/wp-json\/wp\/v2\/event_type?post=62793"},{"taxonomy":"event_type_2","embeddable":true,"href":"https:\/\/itemm.fr\/itemm\/wp-json\/wp\/v2\/event_type_2?post=62793"}],"curies":[{"name":"wp","href":"https:\/\/api.w.org\/{rel}","templated":true}]}}

Salon Génération Reconversion Nouvelle Vie Pro

<p data-path-to-node="0"><b data-path-to-node="0" data-index-in-node="0">L&rsquo;ITEMM au salon Générations Reconversion les 25 et 26 septembre 2026</b></p>
<p data-path-to-node="1">Vous envisagez de donner un nouveau souffle à votre carrière ou d&rsquo;explorer de nouveaux horizons professionnels ? Retrouvez l&rsquo;équipe de l&rsquo;Itemm lors de la prochaine édition du salon <b data-path-to-node="1" data-index-in-node="181">Générations Reconversion</b> à Paris.</p>
<p data-path-to-node="2">Venez nous rencontrer pour échanger sur votre projet et découvrir nos parcours de formation continue ou diplomante dédiés aux métiers de la musique et de la facture instrumentale.</p>
<p data-path-to-node="3"><b data-path-to-node="3" data-index-in-node="0">Informations pratiques</b></p>
<ul data-path-to-node="4">
<li>
<p data-path-to-node="4,0,0"><b data-path-to-node="4,0,0" data-index-in-node="0">Dates :</b> Vendredi 25 et samedi 26 septembre 2026</p>
</li>
<li>
<p data-path-to-node="4,1,0"><b data-path-to-node="4,1,0" data-index-in-node="0">Horaires :</b> De 9 h à 18 h</p>
</li>
<li>
<p data-path-to-node="4,2,0"><b data-path-to-node="4,2,0" data-index-in-node="0">Lieu :</b> Cité Internationale Universitaire de Paris (14e)</p>
</li>
<li>
<p data-path-to-node="4,3,0"><b data-path-to-node="4,3,0" data-index-in-node="0">Accès :</b> Entrée gratuite</p>
</li>
</ul>
<p data-path-to-node="5">Prenez rendez-vous dès maintenant avec nos conseillers sur le salon ou préparez votre visite en consultant notre catalogue de formations en ligne.</p>

<!-- This site is optimized with the Yoast SEO plugin v28.3 - https://yoast.com/product/yoast-seo-wordpress/ -->
<title>Salon Génération Reconversion Nouvelle Vie Pro | Itemm -</title>
<meta name="description" content="L&#039;ITEMM sera présent au salon Générations Reconversion 25 et 26 septembre à Paris. Formations métiers de la musique, facture instrumentale" />
<meta name="robots" content="index, follow, max-snippet:-1, max-image-preview:large, max-video-preview:-1" />
<link rel="canonical" href="https://itemm.fr/itemm/events/salon-generation-reconversion-nouvelle-vie-pro/" />
<meta property="og:locale" content="fr_FR" />
<meta property="og:type" content="article" />
<meta property="og:title" content="Salon Génération Reconversion Nouvelle Vie Pro | Itemm -" />
<meta property="og:description" content="L&#039;ITEMM sera présent au salon Générations Reconversion 25 et 26 septembre à Paris. Formations métiers de la musique, facture instrumentale" />
<meta property="og:url" content="https://itemm.fr/itemm/events/salon-generation-reconversion-nouvelle-vie-pro/" />
<meta property="og:site_name" content="Itemm -" />
<meta property="article:publisher" content="https://www.facebook.com/itemm.lemans" />
<meta property="og:image" content="https://itemm.fr/itemm/wp-content/uploads/2023/02/DRONE-ITEMM-©-BDVA-9.jpg" />
	<meta property="og:image:width" content="2048" />
	<meta property="og:image:height" content="1152" />
	<meta property="og:image:type" content="image/jpeg" />
<script type="application/ld+json" class="yoast-schema-graph">{"@context":"https:\/\/schema.org","@graph":[{"@type":"WebPage","@id":"https:\/\/itemm.fr\/itemm\/events\/salon-generation-reconversion-nouvelle-vie-pro\/","url":"https:\/\/itemm.fr\/itemm\/events\/salon-generation-reconversion-nouvelle-vie-pro\/","name":"Salon Génération Reconversion Nouvelle Vie Pro | Itemm -","isPartOf":{"@id":"https:\/\/itemm.fr\/itemm\/#website"},"datePublished":"2026-09-01T08:03:54+00:00","description":"L'ITEMM sera présent au salon Générations Reconversion 25 et 26 septembre à Paris. Formations métiers de la musique, facture instrumentale","breadcrumb":{"@id":"https:\/\/itemm.fr\/itemm\/events\/salon-generation-reconversion-nouvelle-vie-pro\/#breadcrumb"},"inLanguage":"fr-FR","potentialAction":[{"@type":"ReadAction","target":["https:\/\/itemm.fr\/itemm\/events\/salon-generation-reconversion-nouvelle-vie-pro\/"]}]},{"@type":"BreadcrumbList","@id":"https:\/\/itemm.fr\/itemm\/events\/salon-generation-reconversion-nouvelle-vie-pro\/#breadcrumb","itemListElement":[{"@type":"ListItem","position":1,"name":"Accueil","item":"https:\/\/itemm.fr\/itemm\/"},{"@type":"ListItem","position":2,"name":"Events","item":"https:\/\/itemm.fr\/itemm\/events\/"},{"@type":"ListItem","position":3,"name":"Salon Génération Reconversion Nouvelle Vie Pro"}]},{"@type":"WebSite","@id":"https:\/\/itemm.fr\/itemm\/#website","url":"https:\/\/itemm.fr\/itemm\/","name":"Itemm","description":"Institut technologique européen des métiers de la musique au Mans (72)","publisher":{"@id":"https:\/\/itemm.fr\/itemm\/#organization"},"potentialAction":[{"@type":"SearchAction","target":{"@type":"EntryPoint","urlTemplate":"https:\/\/itemm.fr\/itemm\/?s={search_term_string}"},"query-input":{"@type":"PropertyValueSpecification","valueRequired":true,"valueName":"search_term_string"}}],"inLanguage":"fr-FR"},{"@type":"Organization","@id":"https:\/\/itemm.fr\/itemm\/#organization","name":"ITEMM","alternateName":"ITEMM","url":"https:\/\/itemm.fr\/itemm\/","logo":{"@type":"ImageObject","inLanguage":"fr-FR","@id":"https:\/\/itemm.fr\/itemm\/#\/schema\/logo\/image\/","url":"https:\/\/itemm.fr\/itemm\/wp-content\/uploads\/2021\/12\/logo-itemm-piano-on.png","contentUrl":"https:\/\/itemm.fr\/itemm\/wp-content\/uploads\/2021\/12\/logo-itemm-piano-on.png","width":446,"height":294,"caption":"ITEMM"},"image":{"@id":"https:\/\/itemm.fr\/itemm\/#\/schema\/logo\/image\/"},"sameAs":["https:\/\/www.facebook.com\/itemm.lemans","https:\/\/www.instagram.com\/itemmlemans\/","https:\/\/www.linkedin.com\/in\/itemm\/"]}]}</script>
<!-- / Yoast SEO plugin. -->

Salon Génération Reconversion Nouvelle Vie Pro | Itemm -

L'ITEMM sera présent au salon Générations Reconversion 25 et 26 septembre à Paris. Formations métiers de la musique, facture instrumentale

Institut technologique européen des métiers de la musique au Mans (72)
