{"version":"1.0","provider_name":"Itemm -","provider_url":"https:\/\/itemm.fr\/itemm","author_name":"cedric.charrier","author_url":"https:\/\/itemm.fr\/itemm\/author\/cedric\/","title":"CONDITIONS G\u00c9N\u00c9RALES DE VENTE FORMATION PROFESSIONNELLE CONTINUE | Itemm -","type":"rich","width":600,"height":338,"html":"<blockquote class=\"wp-embedded-content\" data-secret=\"8Ki68pm0Xu\"><a href=\"https:\/\/itemm.fr\/itemm\/conditions-generales-de-vente-formation-professionnelle-continue\/\">CONDITIONS G\u00c9N\u00c9RALES DE VENTE FORMATION PROFESSIONNELLE CONTINUE<\/a><\/blockquote><iframe sandbox=\"allow-scripts\" security=\"restricted\" src=\"https:\/\/itemm.fr\/itemm\/conditions-generales-de-vente-formation-professionnelle-continue\/embed\/#?secret=8Ki68pm0Xu\" width=\"600\" height=\"338\" title=\"\u00ab\u00a0CONDITIONS G\u00c9N\u00c9RALES DE VENTE FORMATION PROFESSIONNELLE CONTINUE\u00a0\u00bb &#8212; Itemm -\" data-secret=\"8Ki68pm0Xu\" frameborder=\"0\" marginwidth=\"0\" marginheight=\"0\" scrolling=\"no\" class=\"wp-embedded-content\"><\/iframe><script>\n\/*! This file is auto-generated *\/\n!function(d,l){\"use strict\";l.querySelector&&d.addEventListener&&\"undefined\"!=typeof URL&&(d.wp=d.wp||{},d.wp.receiveEmbedMessage||(d.wp.receiveEmbedMessage=function(e){var t=e.data;if((t||t.secret||t.message||t.value)&&!\/[^a-zA-Z0-9]\/.test(t.secret)){for(var s,r,n,a=l.querySelectorAll('iframe[data-secret=\"'+t.secret+'\"]'),o=l.querySelectorAll('blockquote[data-secret=\"'+t.secret+'\"]'),c=new RegExp(\"^https?:$\",\"i\"),i=0;i<o.length;i++)o[i].style.display=\"none\";for(i=0;i<a.length;i++)s=a[i],e.source===s.contentWindow&&(s.removeAttribute(\"style\"),\"height\"===t.message?(1e3<(r=parseInt(t.value,10))?r=1e3:~~r<200&&(r=200),s.height=r):\"link\"===t.message&&(r=new URL(s.getAttribute(\"src\")),n=new URL(t.value),c.test(n.protocol))&&n.host===r.host&&l.activeElement===s&&(d.top.location.href=t.value))}},d.addEventListener(\"message\",d.wp.receiveEmbedMessage,!1),l.addEventListener(\"DOMContentLoaded\",function(){for(var e,t,s=l.querySelectorAll(\"iframe.wp-embedded-content\"),r=0;r<s.length;r++)(t=(e=s[r]).getAttribute(\"data-secret\"))||(t=Math.random().toString(36).substring(2,12),e.src+=\"#?secret=\"+t,e.setAttribute(\"data-secret\",t)),e.contentWindow.postMessage({message:\"ready\",secret:t},\"*\")},!1)))}(window,document);\n\/\/# sourceURL=https:\/\/itemm.fr\/itemm\/wp-includes\/js\/wp-embed.min.js\n<\/script>\n","description":"L\u2019ITEMM, Institut Technologique Europ\u00e9en des M\u00e9tiers de la Musique, association de loi 1901 non assujettie \u00e0 la TVA, immatricul\u00e9 sous le Siren 380\u00a0133\u00a0678 \u2013 D\u00e9claration d\u2019activit\u00e9 enregistr\u00e9e sous le n\u00b0 52720035472 aupr\u00e8s du pr\u00e9fet de la Sarthe, situ\u00e9 71 Avenue Olivier Messiaen, 72000 Le Mans, dispense des prestations de formation. Toute demande de prestation de&hellip;","thumbnail_url":"https:\/\/itemm.fr\/itemm\/wp-content\/uploads\/2023\/02\/DRONE-ITEMM-\u00a9-BDVA-9.jpg","thumbnail_width":2048,"thumbnail_height":1152}

CONDITIONS GÉNÉRALES DE VENTE FORMATION PROFESSIONNELLE CONTINUE | Itemm -

<blockquote class="wp-embedded-content" data-secret="8Ki68pm0Xu"><a href="https://itemm.fr/itemm/conditions-generales-de-vente-formation-professionnelle-continue/">CONDITIONS GÉNÉRALES DE VENTE FORMATION PROFESSIONNELLE CONTINUE</a></blockquote><iframe sandbox="allow-scripts" security="restricted" src="https://itemm.fr/itemm/conditions-generales-de-vente-formation-professionnelle-continue/embed/#?secret=8Ki68pm0Xu" width="600" height="338" title="« CONDITIONS GÉNÉRALES DE VENTE FORMATION PROFESSIONNELLE CONTINUE » &#8212; Itemm -" data-secret="8Ki68pm0Xu" frameborder="0" marginwidth="0" marginheight="0" scrolling="no" class="wp-embedded-content"></iframe><script>
/*! This file is auto-generated */
!function(d,l){"use strict";l.querySelector&&d.addEventListener&&"undefined"!=typeof URL&&(d.wp=d.wp||{},d.wp.receiveEmbedMessage||(d.wp.receiveEmbedMessage=function(e){var t=e.data;if((t||t.secret||t.message||t.value)&&!/[^a-zA-Z0-9]/.test(t.secret)){for(var s,r,n,a=l.querySelectorAll('iframe[data-secret="'+t.secret+'"]'),o=l.querySelectorAll('blockquote[data-secret="'+t.secret+'"]'),c=new RegExp("^https?:$","i"),i=0;i<o.length;i++)o[i].style.display="none";for(i=0;i<a.length;i++)s=a[i],e.source===s.contentWindow&&(s.removeAttribute("style"),"height"===t.message?(1e3<(r=parseInt(t.value,10))?r=1e3:~~r<200&&(r=200),s.height=r):"link"===t.message&&(r=new URL(s.getAttribute("src")),n=new URL(t.value),c.test(n.protocol))&&n.host===r.host&&l.activeElement===s&&(d.top.location.href=t.value))}},d.addEventListener("message",d.wp.receiveEmbedMessage,!1),l.addEventListener("DOMContentLoaded",function(){for(var e,t,s=l.querySelectorAll("iframe.wp-embedded-content"),r=0;r<s.length;r++)(t=(e=s[r]).getAttribute("data-secret"))||(t=Math.random().toString(36).substring(2,12),e.src+="#?secret="+t,e.setAttribute("data-secret",t)),e.contentWindow.postMessage({message:"ready",secret:t},"*")},!1)))}(window,document);
//# sourceURL=https://itemm.fr/itemm/wp-includes/js/wp-embed.min.js
</script>

L’ITEMM, Institut Technologique Européen des Métiers de la Musique, association de loi 1901 non assujettie à la TVA, immatriculé sous le Siren 380 133 678 – Déclaration d’activité enregistrée sous le n° 52720035472 auprès du préfet de la Sarthe, situé 71 Avenue Olivier Messiaen, 72000 Le Mans, dispense des prestations de formation. Toute demande de prestation de&hellip;
